{"id":14,"date":"2016-10-28T11:20:19","date_gmt":"2016-10-28T09:20:19","guid":{"rendered":"http:\/\/umilowani.pl\/?page_id=14"},"modified":"2024-12-02T10:05:31","modified_gmt":"2024-12-02T09:05:31","slug":"ewangelicznie","status":"publish","type":"page","link":"https:\/\/umilowani.pl\/index.php\/ewangelicznie\/","title":{"rendered":"Ewangelicznie"},"content":{"rendered":"<p>[et_pb_section fb_built=&#8221;1&#8243; custom_padding_last_edited=&#8221;on|desktop&#8221; admin_label=&#8221;section&#8221; _builder_version=&#8221;4.9.3&#8243; background_color=&#8221;#FFFFFF&#8221; custom_padding_tablet=&#8221;50px|0|50px|0&#8243; custom_padding_phone=&#8221;&#8221; transparent_background=&#8221;on&#8221; padding_mobile=&#8221;off&#8221; make_fullwidth=&#8221;off&#8221; use_custom_width=&#8221;off&#8221; width_unit=&#8221;on&#8221;][et_pb_row padding_mobile=&#8221;off&#8221; column_padding_mobile=&#8221;on&#8221; admin_label=&#8221;row&#8221; _builder_version=&#8221;4.9.3&#8243; background_size=&#8221;initial&#8221; background_position=&#8221;top_left&#8221; background_repeat=&#8221;repeat&#8221; max_width=&#8221;90%&#8221; make_fullwidth=&#8221;off&#8221; use_custom_width=&#8221;on&#8221; width_unit=&#8221;off&#8221; custom_width_percent=&#8221;90%&#8221;][et_pb_column type=&#8221;4_4&#8243; _builder_version=&#8221;4.9.3&#8243; custom_padding=&#8221;|||&#8221; custom_padding__hover=&#8221;|||&#8221;][et_pb_blurb title=&#8221;EWANGELICZNIE&#8221; image=&#8221;https:\/\/umilowani.pl\/wp-content\/uploads\/2024\/12\/Ewangelicznie2.jpg&#8221; alt=&#8221;Zamys\u0142&#8221; image_max_width=&#8221;75%&#8221; content_max_width=&#8221;90%&#8221; admin_label=&#8221;Blurb&#8221; _builder_version=&#8221;4.9.3&#8243; header_font_size=&#8221;16&#8243; header_line_height=&#8221;1.6em&#8221; body_font_size=&#8221;16px&#8221; background_size=&#8221;initial&#8221; background_position=&#8221;top_left&#8221; background_repeat=&#8221;repeat&#8221; text_orientation=&#8221;center&#8221; animation=&#8221;off&#8221; hover_enabled=&#8221;0&#8243; border_color_all=&#8221;#000000&#8243; border_width_all_image=&#8221;1px&#8221; border_color_all_image=&#8221;#043518&#8243; use_border_color=&#8221;off&#8221; border_color=&#8221;#ffffff&#8221; border_style=&#8221;solid&#8221; title_text=&#8221;Ewangelicznie2&#8243; sticky_enabled=&#8221;0&#8243;]<\/p>\n<div class=\"et_pb_slide_content\" style=\"text-align: center;\">\n<div class=\"et_pb_slide_content\">\n<div>\n<p>&nbsp;<\/p>\n<p><span style=\"color: #a0b34d;\"><em><strong>\u201eCORAZ WI\u0118CEJ WIEMY O MI\u0141O\u015aCI, A KOCHAMY CORAZ MNIEJ\u201d.<br \/><\/strong><\/em>Jan Budziaszek \u201eDo nieba idzie si\u0119\u2026\u201d<\/span><strong><br \/><\/strong><\/p>\n<div class=\"et_pb_slide_content\">\n<div class=\"et_pb_slide_content\">\n<p>&nbsp;<\/p>\n<p>Zrozumie\u0107 ewangelicznie istot\u0119 powo\u0142ania cz\u0142owieka do ma\u0142\u017ce\u0144stwa mo\u017cemy poprzez studium Pisma \u015awi\u0119tego. Zapraszamy do lektury dw\u00f3ch wa\u017cnych fragment\u00f3w z Biblii omawiaj\u0105cych t\u0105 kwesti\u0119:<\/p>\n<p>&nbsp;<\/p>\n<\/div>\n<\/div>\n<h3>Pierwotny stan szcz\u0119\u015bcia (Rdz 2, 21-25)<\/h3>\n<div>\n<div>\n<p>&nbsp;<\/p>\n<p><span style=\"color: #a0b34d;\"><em><strong>Wtedy to Pan sprawi\u0142, \u017ce m\u0119\u017cczyzna pogr\u0105\u017cy\u0142 si\u0119 w g\u0142\u0119bokim \u015bnie, i gdy spa\u0142 wyj\u0105\u0142 jedno z jego \u017ceber, a miejsce to zape\u0142ni\u0142 cia\u0142em. Po czym Pan B\u00f3g z \u017cebra, kt\u00f3re wyj\u0105\u0142 z m\u0119\u017cczyzny, zbudowa\u0142 niewiast\u0119. A gdy j\u0105 przyprowadzi\u0142 do m\u0119\u017cczyzny, m\u0119\u017cczyzna powiedzia\u0142: \u201eTa dopiero jest ko\u015bci\u0105 z moich ko\u015bci i cia\u0142em z mego cia\u0142a! Ta b\u0119dzie si\u0119 zwa\u0142a niewiast\u0105, bo ta z m\u0119\u017cczyzny zosta\u0142a wzi\u0119ta\u201d. <\/strong><\/em><\/span><\/p>\n<p><span style=\"color: #a0b34d;\"><em><strong>Dlatego to m\u0119\u017cczyzna opuszcza ojca swego i matk\u0119 swoj\u0105 i \u0142\u0105czy si\u0119 ze sw\u0105 \u017con\u0105 tak \u015bci\u015ble, \u017ce staj\u0105 si\u0119 jednym cia\u0142em. Chocia\u017c m\u0119\u017cczyzna i jego \u017cona byli nadzy, nie odczuwali wobec siebie wstydu.<\/strong><\/em><\/span><\/p>\n<p>&nbsp;<\/p>\n<\/div>\n<h3>Nierozerwalno\u015b\u0107 ma\u0142\u017ce\u0144stwa (Mk 10, 2-12)<\/h3>\n<div>\n<p>&nbsp;<\/p>\n<p><span style=\"color: #a0b34d;\"><em><strong>Przyst\u0105pili do Niego faryzeusze i chc\u0105c Go wystawi\u0107 na pr\u00f3b\u0119, pytali Go, czy wolno m\u0119\u017cowi oddali\u0107 \u017con\u0119. Odpowiadaj\u0105c zapyta\u0142 ich: \u201eCo wam nakaza\u0142 Moj\u017cesz?\u201d Oni rzekli: \u201eMoj\u017cesz pozwoli\u0142 napisa\u0107 list rozwodowy i oddali\u0107\u201d. W\u00f3wczas Jezus rzek\u0142 do nich: \u201ePrzez wzgl\u0105d na zatwardzia\u0142o\u015b\u0107 serc waszych napisa\u0142 wam to przykazanie. Lecz na pocz\u0105tku stworzenia B\u00f3g stworzy\u0142 ich jako m\u0119\u017cczyzn\u0119 i kobiet\u0119.\u00a0 Dlatego opu\u015bci cz\u0142owiek ojca swego i matk\u0119 i z\u0142\u0105czy si\u0119 ze swoj\u0105 \u017con\u0105, i b\u0119d\u0105 oboje jednym cia\u0142em. A tak ju\u017c nie s\u0105 dwoje, lecz jedno cia\u0142o. Co wi\u0119c B\u00f3g z\u0142\u0105czy\u0142, tego cz\u0142owiek niech nie rozdziela\u201d.<br \/><\/strong><\/em><\/span><\/p>\n<p><span style=\"color: #a0b34d;\"><em><strong>W domu uczniowie raz jeszcze pytali Go o to. Powiedzia\u0142 im: \u201eKto oddala \u017con\u0119 swoj\u0105, a bierze inn\u0105, pope\u0142nia cudzo\u0142\u00f3stwo wzgl\u0119dem niej. I je\u015bli \u017cona opu\u015bci swego m\u0119\u017ca, a wyjdzie za innego, pope\u0142nia cudzo\u0142\u00f3stwo\u201d<\/strong><strong>.<\/strong><\/em><\/span><\/p>\n<\/div>\n<div>\u00a0<\/div>\n<\/div>\n<div>\u00a0<\/div>\n<h3>Encyklika <em>\u201eHumanae vitae\u201d<\/em> z 1968 r.<\/h3>\n<p>&nbsp;<\/p>\n<p>Papie\u017c Pawe\u0142 VI uj\u0105\u0142 ewangelicznie wymiary mi\u0142o\u015bci ma\u0142\u017ce\u0144skiej w nast\u0119puj\u0105cy spos\u00f3b:<\/p>\n<p>&nbsp;<\/p>\n<div>\n<ol>\n<li><span style=\"color: #a0b34d;\"><em><strong>Mi\u0142o\u015b\u0107 jest ludzka, a wi\u0119c zarazem zmys\u0142owa i duchowa. Tote\u017c nie chodzi tu tylko o zwyk\u0142y impuls pop\u0119du lub uczu\u0107, ale tak\u017ce, a nawet przede wszystkim, o akt wolnej woli, zmierzaj\u0105cy do tego, aby mi\u0142o\u015b\u0107 ta w rado\u015bciach i trudach codziennego \u017cycia nie tylko trwa\u0142a, lecz jeszcze wzrasta\u0142a, tak a\u017ceby ma\u0142\u017conkowie stawali si\u0119 niejako jednym sercem i jedn\u0105 dusz\u0105, i razem osi\u0105gali sw\u0105 ludzk\u0105 doskona\u0142o\u015b\u0107.<\/strong><\/em><\/span><\/li>\n<li><span style=\"color: #a0b34d;\"><em><strong>Mi\u0142o\u015b\u0107 jest pe\u0142na, ta szczeg\u00f3lna forma przyja\u017ani, poprzez kt\u00f3r\u0105 ma\u0142\u017conkowie wielkodusznie dziel\u0105 mi\u0119dzy sob\u0105 wszystko, bez niesprawiedliwych wyj\u0105tk\u00f3w i egoistycznych rachub. Kto prawdziwie kocha swego wsp\u00f3\u0142ma\u0142\u017conka, nie kocha go tylko ze wzgl\u0119du na to, co od niego otrzymuje, ale dla niego samego, szcz\u0119\u015bliwy, \u017ce mo\u017ce go wzbogaci\u0107 darem z samego siebie.<\/strong><\/em><\/span><\/li>\n<li><span style=\"color: #a0b34d;\"><em><strong>Mi\u0142o\u015b\u0107 jest wierna i wy\u0142\u0105czna a\u017c do ko\u0144ca \u017cycia; to znaczy jest taka, jak j\u0105 rozumieli ma\u0142\u017conkowie w tym dniu, w kt\u00f3rym, wolni i w pe\u0142ni \u015bwiadomi, wi\u0105zali si\u0119 w\u0119z\u0142em ma\u0142\u017ce\u0144skim.<\/strong><\/em><\/span><\/li>\n<\/ol>\n<p>&nbsp;<\/p>\n<\/div>\n<div>\n<p>Trwanie w mi\u0142o\u015bci ma\u0142\u017ce\u0144skiej nie jest \u0142atwe, zw\u0142aszcza wtedy, gdy oddalamy si\u0119 od Pana Boga lub w og\u00f3le w Niego nie wierzymy. Warto jednak walczy\u0107 o ma\u0142\u017ce\u0144stwo, kt\u00f3re, przy wysi\u0142ku i zaanga\u017cowaniu obu stron, ma szans\u0119 sta\u0107 si\u0119 fundamentem szcz\u0119\u015bliwego \u017cycia (Cloud H., Townsend J., 2015; Dziewiecki M., 2014b; Guzewicz M., 2011, 2017; Larimore W. i B., 2019; Pulikowski J., 2008; Sujak E., 1989). W tym miejscu \u017cyczymy ka\u017cdemu ma\u0142\u017ce\u0144stwu pe\u0142nej i wiernej realizacji przysi\u0119gi ma\u0142\u017ce\u0144skiej:<\/p>\n<p><span style=\"color: #a0b34d;\"><strong><em>Ja\u2026 bior\u0119 Ciebie\u2026 za\u2026<br \/>i \u015blubuj\u0119 Ci<br \/>mi\u0142o\u015b\u0107,<br \/>wierno\u015b\u0107<br \/>i uczciwo\u015b\u0107 ma\u0142\u017ce\u0144sk\u0105<br \/>oraz, \u017ce nie opuszcz\u0119 Ci\u0119 a\u017c do \u015bmierci.<\/em><\/strong><\/span><\/p>\n<p><span style=\"color: #a0b34d;\"><strong><em>Tak mi dopom\u00f3\u017c, Panie Bo\u017ce Wszechmog\u0105cy,<br \/>w Tr\u00f3jcy jedyny i Wszyscy \u015awi\u0119ci.<\/em><\/strong><\/span><\/p>\n<\/div>\n<\/div>\n<\/div>\n<\/div>\n<p>[\/et_pb_blurb][\/et_pb_column][\/et_pb_row][\/et_pb_section]<\/p>\n","protected":false},"excerpt":{"rendered":"<p>[et_pb_section fb_built=&#8221;1&#8243; custom_padding_last_edited=&#8221;on|desktop&#8221; admin_label=&#8221;section&#8221; _builder_version=&#8221;4.9.3&#8243; background_color=&#8221;#FFFFFF&#8221; custom_padding_tablet=&#8221;50px|0|50px|0&#8243; custom_padding_phone=&#8221;&#8221; transparent_background=&#8221;on&#8221; padding_mobile=&#8221;off&#8221; make_fullwidth=&#8221;off&#8221; use_custom_width=&#8221;off&#8221; width_unit=&#8221;on&#8221;][et_pb_row padding_mobile=&#8221;off&#8221; column_padding_mobile=&#8221;on&#8221; admin_label=&#8221;row&#8221; _builder_version=&#8221;4.9.3&#8243; background_size=&#8221;initial&#8221; background_position=&#8221;top_left&#8221; background_repeat=&#8221;repeat&#8221; max_width=&#8221;90%&#8221; make_fullwidth=&#8221;off&#8221; use_custom_width=&#8221;on&#8221; width_unit=&#8221;off&#8221; custom_width_percent=&#8221;90%&#8221;][et_pb_column type=&#8221;4_4&#8243; _builder_version=&#8221;4.9.3&#8243; custom_padding=&#8221;|||&#8221; custom_padding__hover=&#8221;|||&#8221;][et_pb_blurb title=&#8221;EWANGELICZNIE&#8221; image=&#8221;https:\/\/umilowani.pl\/wp-content\/uploads\/2024\/12\/Ewangelicznie2.jpg&#8221; alt=&#8221;Zamys\u0142&#8221; image_max_width=&#8221;75%&#8221; content_max_width=&#8221;90%&#8221; admin_label=&#8221;Blurb&#8221; _builder_version=&#8221;4.9.3&#8243; header_font_size=&#8221;16&#8243; header_line_height=&#8221;1.6em&#8221; body_font_size=&#8221;16px&#8221; background_size=&#8221;initial&#8221; background_position=&#8221;top_left&#8221; background_repeat=&#8221;repeat&#8221; text_orientation=&#8221;center&#8221; animation=&#8221;off&#8221; hover_enabled=&#8221;0&#8243; border_color_all=&#8221;#000000&#8243; border_width_all_image=&#8221;1px&#8221; border_color_all_image=&#8221;#043518&#8243; use_border_color=&#8221;off&#8221; border_color=&#8221;#ffffff&#8221; border_style=&#8221;solid&#8221; title_text=&#8221;Ewangelicznie2&#8243; sticky_enabled=&#8221;0&#8243;] &nbsp; \u201eCORAZ [&hellip;]<\/p>\n","protected":false},"author":1,"featured_media":0,"parent":0,"menu_order":0,"comment_status":"closed","ping_status":"closed","template":"","meta":{"_et_pb_use_builder":"on","_et_pb_old_content":"","_et_gb_content_width":"","footnotes":""},"class_list":["post-14","page","type-page","status-publish","hentry"],"yoast_head":"<!-- This site is optimized with the Yoast SEO plugin v27.4 - https:\/\/yoast.com\/product\/yoast-seo-wordpress\/ -->\n<title>Ewangelicznie - UMILOWANI.PL<\/title>\n<meta name=\"description\" content=\"Popatrzmy ewangelicznie na ma\u0142\u017ce\u0144stwo przytaczaj\u0105c fragmenty Pisma \u015awi\u0119tego i encykliki &quot;Humanae vitae&quot; autorstwa papie\u017ca Paw\u0142a VI.\" \/>\n<meta name=\"robots\" content=\"index, follow, max-snippet:-1, max-image-preview:large, max-video-preview:-1\" \/>\n<link rel=\"canonical\" href=\"https:\/\/umilowani.pl\/index.php\/ewangelicznie\/\" \/>\n<meta property=\"og:locale\" content=\"pl_PL\" \/>\n<meta property=\"og:type\" content=\"article\" \/>\n<meta property=\"og:title\" content=\"Ewangelicznie - UMILOWANI.PL\" \/>\n<meta property=\"og:description\" content=\"Popatrzmy ewangelicznie na ma\u0142\u017ce\u0144stwo przytaczaj\u0105c fragmenty Pisma \u015awi\u0119tego i encykliki &quot;Humanae vitae&quot; autorstwa papie\u017ca Paw\u0142a VI.\" \/>\n<meta property=\"og:url\" content=\"https:\/\/umilowani.pl\/index.php\/ewangelicznie\/\" \/>\n<meta property=\"og:site_name\" content=\"UMILOWANI.PL\" \/>\n<meta property=\"article:modified_time\" content=\"2024-12-02T09:05:31+00:00\" \/>\n<meta name=\"twitter:card\" content=\"summary_large_image\" \/>\n<meta name=\"twitter:label1\" content=\"Szacowany czas czytania\" \/>\n\t<meta name=\"twitter:data1\" content=\"8 minut\" \/>\n<script type=\"application\/ld+json\" class=\"yoast-schema-graph\">{\"@context\":\"https:\\\/\\\/schema.org\",\"@graph\":[{\"@type\":\"WebPage\",\"@id\":\"https:\\\/\\\/umilowani.pl\\\/index.php\\\/ewangelicznie\\\/\",\"url\":\"https:\\\/\\\/umilowani.pl\\\/index.php\\\/ewangelicznie\\\/\",\"name\":\"Ewangelicznie - UMILOWANI.PL\",\"isPartOf\":{\"@id\":\"https:\\\/\\\/umilowani.pl\\\/#website\"},\"datePublished\":\"2016-10-28T09:20:19+00:00\",\"dateModified\":\"2024-12-02T09:05:31+00:00\",\"description\":\"Popatrzmy ewangelicznie na ma\u0142\u017ce\u0144stwo przytaczaj\u0105c fragmenty Pisma \u015awi\u0119tego i encykliki \\\"Humanae vitae\\\" autorstwa papie\u017ca Paw\u0142a VI.\",\"breadcrumb\":{\"@id\":\"https:\\\/\\\/umilowani.pl\\\/index.php\\\/ewangelicznie\\\/#breadcrumb\"},\"inLanguage\":\"pl-PL\",\"potentialAction\":[{\"@type\":\"ReadAction\",\"target\":[\"https:\\\/\\\/umilowani.pl\\\/index.php\\\/ewangelicznie\\\/\"]}]},{\"@type\":\"BreadcrumbList\",\"@id\":\"https:\\\/\\\/umilowani.pl\\\/index.php\\\/ewangelicznie\\\/#breadcrumb\",\"itemListElement\":[{\"@type\":\"ListItem\",\"position\":1,\"name\":\"Strona g\u0142\u00f3wna\",\"item\":\"https:\\\/\\\/umilowani.pl\\\/\"},{\"@type\":\"ListItem\",\"position\":2,\"name\":\"Ewangelicznie\"}]},{\"@type\":\"WebSite\",\"@id\":\"https:\\\/\\\/umilowani.pl\\\/#website\",\"url\":\"https:\\\/\\\/umilowani.pl\\\/\",\"name\":\"UMILOWANI.PL\",\"description\":\"Ma\u0142\u017ce\u0144stwo, mi\u0142o\u015b\u0107\",\"publisher\":{\"@id\":\"https:\\\/\\\/umilowani.pl\\\/#\\\/schema\\\/person\\\/600a3e0031b2b450828be24ac2027c8a\"},\"potentialAction\":[{\"@type\":\"SearchAction\",\"target\":{\"@type\":\"EntryPoint\",\"urlTemplate\":\"https:\\\/\\\/umilowani.pl\\\/?s={search_term_string}\"},\"query-input\":{\"@type\":\"PropertyValueSpecification\",\"valueRequired\":true,\"valueName\":\"search_term_string\"}}],\"inLanguage\":\"pl-PL\"},{\"@type\":[\"Person\",\"Organization\"],\"@id\":\"https:\\\/\\\/umilowani.pl\\\/#\\\/schema\\\/person\\\/600a3e0031b2b450828be24ac2027c8a\",\"name\":\"UMILOWANI.PL\",\"image\":{\"@type\":\"ImageObject\",\"inLanguage\":\"pl-PL\",\"@id\":\"https:\\\/\\\/umilowani.pl\\\/wp-content\\\/uploads\\\/2022\\\/07\\\/cropped-6.png\",\"url\":\"https:\\\/\\\/umilowani.pl\\\/wp-content\\\/uploads\\\/2022\\\/07\\\/cropped-6.png\",\"contentUrl\":\"https:\\\/\\\/umilowani.pl\\\/wp-content\\\/uploads\\\/2022\\\/07\\\/cropped-6.png\",\"width\":512,\"height\":512,\"caption\":\"UMILOWANI.PL\"},\"logo\":{\"@id\":\"https:\\\/\\\/umilowani.pl\\\/wp-content\\\/uploads\\\/2022\\\/07\\\/cropped-6.png\"}}]}<\/script>\n<!-- \/ Yoast SEO plugin. -->","yoast_head_json":{"title":"Ewangelicznie - UMILOWANI.PL","description":"Popatrzmy ewangelicznie na ma\u0142\u017ce\u0144stwo przytaczaj\u0105c fragmenty Pisma \u015awi\u0119tego i encykliki \"Humanae vitae\" autorstwa papie\u017ca Paw\u0142a VI.","robots":{"index":"index","follow":"follow","max-snippet":"max-snippet:-1","max-image-preview":"max-image-preview:large","max-video-preview":"max-video-preview:-1"},"canonical":"https:\/\/umilowani.pl\/index.php\/ewangelicznie\/","og_locale":"pl_PL","og_type":"article","og_title":"Ewangelicznie - UMILOWANI.PL","og_description":"Popatrzmy ewangelicznie na ma\u0142\u017ce\u0144stwo przytaczaj\u0105c fragmenty Pisma \u015awi\u0119tego i encykliki \"Humanae vitae\" autorstwa papie\u017ca Paw\u0142a VI.","og_url":"https:\/\/umilowani.pl\/index.php\/ewangelicznie\/","og_site_name":"UMILOWANI.PL","article_modified_time":"2024-12-02T09:05:31+00:00","twitter_card":"summary_large_image","twitter_misc":{"Szacowany czas czytania":"8 minut"},"schema":{"@context":"https:\/\/schema.org","@graph":[{"@type":"WebPage","@id":"https:\/\/umilowani.pl\/index.php\/ewangelicznie\/","url":"https:\/\/umilowani.pl\/index.php\/ewangelicznie\/","name":"Ewangelicznie - UMILOWANI.PL","isPartOf":{"@id":"https:\/\/umilowani.pl\/#website"},"datePublished":"2016-10-28T09:20:19+00:00","dateModified":"2024-12-02T09:05:31+00:00","description":"Popatrzmy ewangelicznie na ma\u0142\u017ce\u0144stwo przytaczaj\u0105c fragmenty Pisma \u015awi\u0119tego i encykliki \"Humanae vitae\" autorstwa papie\u017ca Paw\u0142a VI.","breadcrumb":{"@id":"https:\/\/umilowani.pl\/index.php\/ewangelicznie\/#breadcrumb"},"inLanguage":"pl-PL","potentialAction":[{"@type":"ReadAction","target":["https:\/\/umilowani.pl\/index.php\/ewangelicznie\/"]}]},{"@type":"BreadcrumbList","@id":"https:\/\/umilowani.pl\/index.php\/ewangelicznie\/#breadcrumb","itemListElement":[{"@type":"ListItem","position":1,"name":"Strona g\u0142\u00f3wna","item":"https:\/\/umilowani.pl\/"},{"@type":"ListItem","position":2,"name":"Ewangelicznie"}]},{"@type":"WebSite","@id":"https:\/\/umilowani.pl\/#website","url":"https:\/\/umilowani.pl\/","name":"UMILOWANI.PL","description":"Ma\u0142\u017ce\u0144stwo, mi\u0142o\u015b\u0107","publisher":{"@id":"https:\/\/umilowani.pl\/#\/schema\/person\/600a3e0031b2b450828be24ac2027c8a"},"potentialAction":[{"@type":"SearchAction","target":{"@type":"EntryPoint","urlTemplate":"https:\/\/umilowani.pl\/?s={search_term_string}"},"query-input":{"@type":"PropertyValueSpecification","valueRequired":true,"valueName":"search_term_string"}}],"inLanguage":"pl-PL"},{"@type":["Person","Organization"],"@id":"https:\/\/umilowani.pl\/#\/schema\/person\/600a3e0031b2b450828be24ac2027c8a","name":"UMILOWANI.PL","image":{"@type":"ImageObject","inLanguage":"pl-PL","@id":"https:\/\/umilowani.pl\/wp-content\/uploads\/2022\/07\/cropped-6.png","url":"https:\/\/umilowani.pl\/wp-content\/uploads\/2022\/07\/cropped-6.png","contentUrl":"https:\/\/umilowani.pl\/wp-content\/uploads\/2022\/07\/cropped-6.png","width":512,"height":512,"caption":"UMILOWANI.PL"},"logo":{"@id":"https:\/\/umilowani.pl\/wp-content\/uploads\/2022\/07\/cropped-6.png"}}]}},"_links":{"self":[{"href":"https:\/\/umilowani.pl\/index.php\/wp-json\/wp\/v2\/pages\/14","targetHints":{"allow":["GET"]}}],"collection":[{"href":"https:\/\/umilowani.pl\/index.php\/wp-json\/wp\/v2\/pages"}],"about":[{"href":"https:\/\/umilowani.pl\/index.php\/wp-json\/wp\/v2\/types\/page"}],"author":[{"embeddable":true,"href":"https:\/\/umilowani.pl\/index.php\/wp-json\/wp\/v2\/users\/1"}],"replies":[{"embeddable":true,"href":"https:\/\/umilowani.pl\/index.php\/wp-json\/wp\/v2\/comments?post=14"}],"version-history":[{"count":1,"href":"https:\/\/umilowani.pl\/index.php\/wp-json\/wp\/v2\/pages\/14\/revisions"}],"predecessor-version":[{"id":18410,"href":"https:\/\/umilowani.pl\/index.php\/wp-json\/wp\/v2\/pages\/14\/revisions\/18410"}],"wp:attachment":[{"href":"https:\/\/umilowani.pl\/index.php\/wp-json\/wp\/v2\/media?parent=14"}],"curies":[{"name":"wp","href":"https:\/\/api.w.org\/{rel}","templated":true}]}}