{"id":16,"date":"2016-10-28T11:20:46","date_gmt":"2016-10-28T09:20:46","guid":{"rendered":"http:\/\/umilowani.pl\/?page_id=16"},"modified":"2024-12-02T10:09:09","modified_gmt":"2024-12-02T09:09:09","slug":"humorystycznie","status":"publish","type":"page","link":"https:\/\/umilowani.pl\/index.php\/humorystycznie\/","title":{"rendered":"Humorystycznie"},"content":{"rendered":"<p>[et_pb_section fb_built=&#8221;1&#8243; custom_padding_last_edited=&#8221;on|desktop&#8221; admin_label=&#8221;section&#8221; _builder_version=&#8221;4.9.3&#8243; background_color=&#8221;#FFFFFF&#8221; custom_padding_tablet=&#8221;50px|0|50px|0&#8243; custom_padding_phone=&#8221;&#8221; transparent_background=&#8221;on&#8221; padding_mobile=&#8221;off&#8221; make_fullwidth=&#8221;off&#8221; use_custom_width=&#8221;off&#8221; width_unit=&#8221;on&#8221; custom_width_px=&#8221;1080px&#8221; custom_width_percent=&#8221;80%&#8221;][et_pb_row padding_mobile=&#8221;off&#8221; column_padding_mobile=&#8221;on&#8221; admin_label=&#8221;row&#8221; _builder_version=&#8221;4.9.3&#8243; background_size=&#8221;initial&#8221; background_position=&#8221;top_left&#8221; background_repeat=&#8221;repeat&#8221; width=&#8221;100%&#8221; max_width=&#8221;100%&#8221; make_fullwidth=&#8221;off&#8221; use_custom_width=&#8221;on&#8221; width_unit=&#8221;off&#8221; custom_width_percent=&#8221;90%&#8221;][et_pb_column type=&#8221;4_4&#8243; _builder_version=&#8221;4.9.3&#8243; background_color=&#8221;rgba(0,0,0,0)&#8221; custom_padding=&#8221;|||&#8221; custom_padding__hover=&#8221;|||&#8221;][et_pb_blurb title=&#8221;HUMORYSTYCZNIE&#8221; image=&#8221;https:\/\/umilowani.pl\/wp-content\/uploads\/2024\/12\/Humorystycznie2.jpg&#8221; alt=&#8221;Zamys\u0142&#8221; image_max_width=&#8221;75%&#8221; content_max_width=&#8221;90%&#8221; admin_label=&#8221;Blurb&#8221; _builder_version=&#8221;4.9.3&#8243; header_font_size=&#8221;16&#8243; header_line_height=&#8221;1.6em&#8221; body_font_size=&#8221;16px&#8221; background_size=&#8221;initial&#8221; background_position=&#8221;top_left&#8221; background_repeat=&#8221;repeat&#8221; text_orientation=&#8221;center&#8221; animation=&#8221;off&#8221; hover_enabled=&#8221;0&#8243; border_color_all=&#8221;#000000&#8243; border_width_all_image=&#8221;1px&#8221; border_color_all_image=&#8221;#043518&#8243; use_border_color=&#8221;off&#8221; border_color=&#8221;#ffffff&#8221; border_style=&#8221;solid&#8221; title_text=&#8221;Humorystycznie2&#8243; sticky_enabled=&#8221;0&#8243;]<\/p>\n<div class=\"et_pb_slide_content\" style=\"text-align: center;\">\n<div class=\"et_pb_slide_content\">\n<div>\n<p>&nbsp;<\/p>\n<p><span style=\"color: #a0b34d;\"><strong><em>\u201e<\/em><\/strong><em><strong>JE\u015aLI NAUCZYMY SI\u0118 \u015aMIA\u0106 Z SAMYCH SIEBIE, NIGDY NIE ZABRAKNIE NAM ROZRYWKI\u201d.<br \/><\/strong><\/em>Jan Budziaszek \u201eDo nieba idzie si\u0119\u2026\u201d<\/span><\/p>\n<div class=\"et_pb_slide_content\">\n<div class=\"et_pb_slide_content\">\n<p>&nbsp;<\/p>\n<p>Mo\u017cna m\u00f3wi\u0107 o ma\u0142\u017ce\u0144stwie na wiele sposob\u00f3w. W tym miejscu zach\u0119camy do zapoznania si\u0119 z pewnymi \u201eprawdami&#8221; o kobiecie i m\u0119\u017cczy\u017anie podanymi w \u017cartobliwej formie. Mamy nadziej\u0119, \u017ce przytoczone ni\u017cej \u017carty kr\u0105\u017c\u0105ce w Internecie wywo\u0142aj\u0105 szczery u\u015bmiech na Twojej twarzy:<\/p>\n<p>&nbsp;<\/p>\n<\/div>\n<\/div>\n<h2><strong><span style=\"color: #a0b34d;\">Humorystycznie o m\u0119\u017cczy\u017anie<\/span><br \/><\/strong><\/h2>\n<div class=\"et_pb_slide_content\">\n<div class=\"et_pb_slide_content\">\n<p>&nbsp;<\/p>\n<p>Ile typ\u00f3w ubra\u0144 nosi m\u0119\u017cczyzna?<br \/>\u2013 Trzy: \u201eczyste\u201d, \u201ebrudne\u201d i \u201emo\u017cna chodzi\u0107\u201d.<\/p>\n<p>&#8212;&#8212;&#8212;&#8212;&#8212;&#8212;&#8212;&#8212;&#8212;&#8212;&#8212;&#8212;&#8212;&#8212;<\/p>\n<p>Najbardziej w jakim stroju lubi m\u0105\u017c ogl\u0105da\u0107 swoj\u0105 \u017con\u0119?<br \/>\u2013 \u201eW \u017cadnym!\u201d<\/p>\n<p>&#8212;&#8212;&#8212;&#8212;&#8212;&#8212;&#8212;&#8212;&#8212;&#8212;&#8212;&#8212;&#8212;&#8212;<\/p>\n<p>\u017bona pyta m\u0119\u017ca:<br \/>\u2013 \u201eKochanie, co by\u015b zrobi\u0142, gdyby tygrys zaatakowa\u0142 moj\u0105 mam\u0119?\u201d<br \/>\u2013 \u201eNic\u2026 Skoro zaczyna, to niech sam si\u0119 broni!\u201d<\/p>\n<p>&#8212;&#8212;&#8212;&#8212;&#8212;&#8212;&#8212;&#8212;&#8212;&#8212;&#8212;&#8212;&#8212;&#8212;<\/p>\n<p>\u017bona pyta m\u0119\u017ca:<br \/>\u2013 \u201eJak my\u015blisz, co mo\u017cemy kupi\u0107 mojej mamie na 50-te urodziny?\u201d<br \/>\u2013 \u201eHmm\u2026 M\u00f3wi\u0142a co\u015b ostatnio o jakim\u015b urz\u0105dzeniu elektrycznym do kuchni\u2026 Mo\u017ce krzes\u0142o?\u201d<\/p>\n<p>&#8212;&#8212;&#8212;&#8212;&#8212;&#8212;&#8212;&#8212;&#8212;&#8212;&#8212;&#8212;&#8212;&#8212;<\/p>\n<p>Rozmawiaj\u0105 dwaj kumple:<br \/>\u2013 \u201eOstatnio przysz\u0142a do mnie te\u015bciowa na kolanach\u201d.<br \/>\u2013 \u201eNiemo\u017cliwe! I co m\u00f3wi\u0142a?\u201d<br \/>\u2013 \u201eWyjd\u017a spod \u0142\u00f3\u017cka, tch\u00f3rzu!\u201d<\/p>\n<p>&#8212;&#8212;&#8212;&#8212;&#8212;&#8212;&#8212;&#8212;&#8212;&#8212;&#8212;&#8212;&#8212;&#8212;<\/p>\n<p>Przychodzi m\u0119\u017cczyzna do konfesjona\u0142u i m\u00f3wi:<br \/>\u2013 \u201eProsz\u0119 ksi\u0119dza, chyba jestem op\u0119tany! Ci\u0105gle s\u0142ysz\u0119 jakie\u015b g\u0142osy: \u201eNie ruszaj!\u201d, \u201ePrzynie\u015b!\u201d, \u201eNie dotykaj!\u201d,\u201ePospiesz si\u0119!\u201d<br \/>Na to ksi\u0105dz odpowiada:<br \/>\u2013 \u201ePanie kochany.. Pan nie jest op\u0119tany tylko \u017conaty!\u201d<\/p>\n<p>&#8212;&#8212;&#8212;&#8212;&#8212;&#8212;&#8212;&#8212;&#8212;&#8212;&#8212;&#8212;&#8212;&#8212;<\/p>\n<p>Adam pyta Pana Boga:<br \/>\u2013 \u201ePanie Bo\u017ce, dlaczego stworzy\u0142e\u015b Ew\u0119 tak\u0105 \u015bliczn\u0105, tak\u0105 pi\u0119kn\u0105, tak\u0105 urocz\u0105?\u201d<br \/>Na to Pan B\u00f3g odpowiada humorystycznie:<br \/>\u2013 \u201eNo, \u017ceby\u015b m\u00f3g\u0142 j\u0105 pokocha\u0107, Adamie!\u201d<br \/>A dociekliwy Adam:<br \/>\u2013 \u201eDobrze, ale czemu stworzy\u0142e\u015b j\u0105 tak\u0105 g\u0142upi\u0105???\u201d<br \/>\u2013 \u201e\u017beby i ona mog\u0142a ciebie pokocha\u0107, palancie jeden\u201d \u2013 odpowiada Pan B\u00f3g.<\/p>\n<p>&#8212;&#8212;&#8212;&#8212;&#8212;&#8212;&#8212;&#8212;&#8212;&#8212;&#8212;&#8212;&#8212;&#8212;<\/p>\n<p>Czy znasz 5 powod\u00f3w, dla kt\u00f3rych m\u0119\u017cczyzna woli sp\u0119dza\u0107 czas w samochodzie zamiast z \u017con\u0105?<br \/>1) Samoch\u00f3d zawozi mnie tam, dok\u0105d chc\u0119, i nie pyta, jak si\u0119 czuj\u0119.<br \/>2) Samoch\u00f3d pozwala mi krzycze\u0107 na innych kierowc\u00f3w, nie m\u00f3wi\u0105c: \u201eDlaczego tak si\u0119 denerwujesz?\u201d<br \/>3) Samoch\u00f3d pozwala mi s\u0142ucha\u0107 program\u00f3w sportowych w radiu, nie pytaj\u0105c na jaki kolor chcia\u0142bym pomalowa\u0107 kuchni\u0119.<br \/>4) M\u00f3j samoch\u00f3d jeszcze nigdy \u2013 ani razu \u2013 nie zapyta\u0142, czy co\u015b jest nie tak, ani nie wypowiedzia\u0142 tych dw\u00f3ch s\u0142ynnych s\u0142\u00f3w \u201eMusimy porozmawia\u0107\u201d.<br \/>5) Samoch\u00f3d ma jasno okre\u015blone potrzeby. Na pytanie, ile jeszcze zosta\u0142o benzyny, m\u00f3j samoch\u00f3d nigdy nie odpowie: \u201eZgadnij\u201d albo: \u201ePowiniene\u015b zna\u0107 mnie na tyle, by wiedzie\u0107 bez pytania\u201d<\/p>\n<p>&nbsp;<\/p>\n<\/div>\n<\/div>\n<div class=\"et_pb_slide_content\">\n<div class=\"et_pb_slide_content\">\n<div class=\"et_pb_toggle_content clearfix\">\n<h2><strong><span style=\"color: #a0b34d;\">Humorystycznie o kobiecie<\/span><br \/><\/strong><\/h2>\n<p>&nbsp;<\/p>\n<p>Czy to prawda, \u017ce kobieta zmienia zdanie co chwil\u0119?<br \/>\u2013 \u201eNieprawda, poniewa\u017c kobieta zmienia zdanie cz\u0119\u015bciej, ni\u017c co chwil\u0119!\u201d<\/p>\n<p>&#8212;&#8212;&#8212;&#8212;&#8212;&#8212;&#8212;&#8212;&#8212;&#8212;&#8212;&#8212;&#8212;&#8212;<\/p>\n<p>Dlaczego to kobiety najpierw posz\u0142y zobaczy\u0107, \u017ce Pan Jezus zmartwychwsta\u0142?<br \/>\u2013 \u201e\u017beby wiadomo\u015bci szybciej si\u0119 roznios\u0142y!\u201d<\/p>\n<p>&#8212;&#8212;&#8212;&#8212;&#8212;&#8212;&#8212;&#8212;&#8212;&#8212;&#8212;&#8212;&#8212;&#8212;<\/p>\n<p>Idzie Adam i Ewa przez Raj. Ewa pyta Adama dr\u017c\u0105cym g\u0142osem:<br \/>\u2013 \u201eAdamie kochasz mnie?\u201d<br \/>Na to Adam odpowiada:<br \/>\u2013 \u201eA kogo mam kocha\u0107?\u201d<\/p>\n<p>&#8212;&#8212;&#8212;&#8212;&#8212;&#8212;&#8212;&#8212;&#8212;&#8212;&#8212;&#8212;&#8212;&#8212;<\/p>\n<p>B\u00f3g stwierdzi\u0142, \u017ce Adamowi si\u0119 nudzi i postanowi\u0142 co\u015b temu zaradzi\u0107. Zwraca si\u0119 zatem do Adama:<br \/>\u2013 \u201eAdamie. Widz\u0119, \u017ce ci si\u0119 nudzi. Postanowi\u0142em: stworz\u0119 ci istot\u0119. Istot\u0119, kt\u00f3ra b\u0119dzie pi\u0119kna, m\u0105dra i inteligentna. Cudowna, mi\u0142a, b\u0119dzie ci s\u0142u\u017cy\u0107 i wspiera\u0107 ci\u0119. Jednym s\u0142owem, stworz\u0119 ci istot\u0119 idealn\u0105!.. Ale musisz mi odda\u0107 swoj\u0105 nog\u0119..\u201d<br \/>\u2013 \u201eNog\u0119?!.. A co dostan\u0119 za \u017cebro?\u201d<\/p>\n<p>&#8212;&#8212;&#8212;&#8212;&#8212;&#8212;&#8212;&#8212;&#8212;&#8212;&#8212;&#8212;&#8212;&#8212;<\/p>\n<p>M\u0119\u017cczyzna spaceruje kalifornijsk\u0105 pla\u017c\u0105 pogr\u0105\u017cony w g\u0142\u0119bokiej modlitwie. Nagle przem\u00f3wi\u0142 g\u0142o\u015bno:<br \/>\u2013 \u201ePanie Bo\u017ce spe\u0142nij jedno moje \u017cyczenie\u201d i us\u0142ysza\u0142 g\u0142os Boga:<br \/>\u2013 \u201ePoniewa\u017c zawsze chodzi\u0142e\u015b moimi drogami spe\u0142ni\u0119 twoje \u017cyczenie\u201d. M\u0119\u017cczyzna poprosi\u0142 humorystycznie:<br \/>\u2013 \u201eZbuduj dla mnie most na Hawaje, \u017cebym m\u00f3g\u0142 tam je\u017adzi\u0107 samochodem, kiedy tylko zechc\u0119\u201d. B\u00f3g odpowiedzia\u0142:<br \/>\u2013 \u201eTwoje \u017cyczenie jest bardzo materialistyczne. Pomy\u015bl logicznie, jak wielkich nak\u0142ad\u00f3w wymaga takie przedsi\u0119wzi\u0119cie. Ile betonu, stali. Rzecz jasna mog\u0119 to zrobi\u0107, ale trudno znale\u017a\u0107 usprawiedliwienie dla takiej pro\u015bby. Mo\u017ce wymy\u015bli\u0142by\u015b inne \u017cyczenie, kt\u00f3re bardziej odda\u0142oby mi chwa\u0142\u0119?\u201d M\u0119\u017cczyzna d\u0142ugo si\u0119 zastanawia\u0142 i w ko\u0144cu odrzek\u0142:<br \/>\u2013 \u201eDobrze Panie Bo\u017ce, w takim razie chcia\u0142bym zrozumie\u0107 kobiety. Chcia\u0142bym wiedzie\u0107, co one czuj\u0105 w g\u0142\u0119bi duszy, co my\u015bl\u0105, kiedy nie odzywaj\u0105 si\u0119 do mnie albo kiedy p\u0142acz\u0105. O co tak naprawd\u0119 im chodzi, kiedy na moje pytanie: Co ci jest? \u2013 odpowiadaj\u0105 \u2013 A nic. I chcia\u0142bym wiedzie\u0107, jak mog\u0119 uczyni\u0107 kobiet\u0119 naprawd\u0119 szcz\u0119\u015bliw\u0105?\u201d. Po kilku minutach ciszy B\u00f3g odpowiedzia\u0142:<br \/>\u2013 \u201eChcesz dwa czy cztery pasy ruchu na tym mo\u015bcie?\u201d<\/p>\n<p>&nbsp;<\/p>\n<h2><span style=\"color: #a0b34d;\"><strong>Humorystycznie o kobiecie i m\u0119\u017cczy\u017anie<\/strong><\/span><\/h2>\n<\/div>\n<\/div>\n<\/div>\n<p>&nbsp;<\/p>\n<p>Czy m\u0119\u017cczyzna i kobieta s\u0105 cho\u0107 w jednej rzeczy do siebie podobni?<br \/>\u2013 \u201eNie! Bo nawet gdy On my\u015bli o jednym, to Ona m\u00f3wi o drugim!\u201d<\/p>\n<p>&#8212;&#8212;&#8212;&#8212;&#8212;&#8212;&#8212;&#8212;&#8212;&#8212;&#8212;&#8212;&#8212;&#8212;<\/p>\n<p>Jaka jest hierarchia trzech podstawowych potrzeb kobiety?<br \/>1. Sen \u2013 wystarczaj\u0105co d\u0142ugi, najlepiej w wygodnym, przestronnym \u0142\u00f3\u017cku ze \u015bwie\u017c\u0105 po\u015bciel\u0105.<br \/>2. Jedzenie \u2013 najlepiej podane w \u0142adnym talerzu na pi\u0119knie udekorowanym stole.<br \/>3. Seks \u2013 najlepiej raz w miesi\u0105cu w romantycznym i zacisznym miejscu.<br \/>A jak wygl\u0105da ta hierarchia u m\u0119\u017cczyzny?<br \/>1. Seks \u2013 zawsze i wsz\u0119dzie.<br \/>2. Jedzenie \u2013 smaczne.<br \/>3. Sen \u2013 po prostu zasn\u0105\u0107.<\/p>\n<p>&#8212;&#8212;&#8212;&#8212;&#8212;&#8212;&#8212;&#8212;&#8212;&#8212;&#8212;&#8212;&#8212;&#8212;<\/p>\n<p>Co m\u00f3wi m\u0105\u017c, gdy \u017cona upiecze ciasto?<br \/>\u2013\u00a0\u201eKochanie, upiek\u0142a\u015b pyszne ciasto\u201d.<br \/>A co m\u00f3wi \u017cona, gdy m\u0105\u017c sko\u0144czy remont mieszkania?<br \/>\u2013 \u201eKochanie, pi\u0119knie to pomalowali\u015bmy\u201d.<\/p>\n<p>&#8212;&#8212;&#8212;&#8212;&#8212;&#8212;&#8212;&#8212;&#8212;&#8212;&#8212;&#8212;&#8212;&#8212;<\/p>\n<p>Jak zach\u0119ci\u0107 \u017con\u0119 do seksu?<br \/>\u2013 \u201eBra\u0107 w ramiona, broni\u0107, by\u0107 czu\u0142ym, ca\u0142owa\u0107, czarowa\u0107, chroni\u0107, dba\u0107, dzwoni\u0107, fascynowa\u0107, idealizowa\u0107, karmi\u0107, koi\u0107, komplementowa\u0107, \u0142agodzi\u0107, marzy\u0107 o niej, masowa\u0107, naprawia\u0107 r\u00f3\u017cne rzeczy, obejmowa\u0107, oddawa\u0107 cze\u015b\u0107, pie\u015bci\u0107, pobudza\u0107, pociesza\u0107, podnieca\u0107, podkre\u015bla\u0107 jej warto\u015b\u0107, podziwia\u0107, przytula\u0107, rozkoszowa\u0107 si\u0119, rozpieszcza\u0107, rozumie\u0107, s\u0142ucha\u0107, spe\u0142nia\u0107 zachcianki, \u015bpiewa\u0107 serenady, troszczy\u0107 si\u0119, ufa\u0107, umiera\u0107 dla niej, u\u015bwi\u0119ca\u0107, utwierdza\u0107, walczy\u0107 o ni\u0105, wspiera\u0107, wsp\u00f3\u0142czu\u0107, wybacza\u0107, wychwala\u0107, wy\u015bwiadcza\u0107 przys\u0142ugi, zabawia\u0107, zachwyca\u0107 si\u0119, \u017cartowa\u0107..\u201d<br \/>A jak zach\u0119ci\u0107 m\u0119\u017ca do seksu?:<br \/>\u2013 \u201ePrzyj\u015b\u0107 do niego nago!\u201d<\/p>\n<p>&nbsp;<\/p>\n<h2><strong><span style=\"color: #a0b34d;\">O idealnym m\u0119\u017cu nie dla kobiety<\/span><br \/><\/strong><\/h2>\n<p>&nbsp;<\/p>\n<p>Otworzono nowe centrum handlowe \u2013 \u201eIdealny M\u0105\u017c\u201d, w kt\u00f3rym spo\u015br\u00f3d wielu kandydat\u00f3w kobiety mog\u0105 wybra\u0107 doskona\u0142ych m\u0119\u017c\u00f3w. Centrum ma pi\u0119\u0107 pi\u0119ter, a na ka\u017cdym z nich mo\u017cna znale\u017a\u0107 r\u00f3\u017cnych m\u0119\u017cczyzn: im wy\u017csze pi\u0119tro, tym wi\u0119cej maj\u0105 pozytywnych cech. Jedyna zasada wyboru m\u0119\u017ca g\u0142osi, \u017ce je\u015bli ju\u017c otworzy\u0142a\u015b drzwi jakiego\u015b pi\u0119tra musisz wybra\u0107 m\u0119\u017ca w\u0142a\u015bnie stamt\u0105d. Je\u015bli za\u015b chcesz p\u00f3j\u015b\u0107 wy\u017cej, nie mo\u017cesz wr\u00f3ci\u0107 ju\u017c na ni\u017csze pi\u0119tro \u2013 chyba \u017ce tylko po to, by opu\u015bci\u0107 sklep. Pewnego razu dwie dziewczyny wybra\u0142y si\u0119 do tego centrum, \u017ceby znale\u017a\u0107 kandydata na m\u0119\u017ca.<br \/>Na pierwszym pi\u0119trze widnia\u0142a tabliczka: \u201eM\u0119\u017cczy\u017ani z dobrze p\u0142atn\u0105 prac\u0105, lubi\u0105cy dzieci\u201d. Kobiety czytaj\u0105 napis i m\u00f3wi\u0105: \u201eWspaniale! Ciekawe, co b\u0119dzie pi\u0119tro wy\u017cej?\u201d<br \/>Na drugim pi\u0119trze wisi kolejna tabliczka: \u201eM\u0119\u017cczy\u017ani z dobrze p\u0142atn\u0105 prac\u0105, lubi\u0105cy dzieci i bardzo przystojni\u201d. Kobiety czytaj\u0105 i m\u00f3wi\u0105 podekscytowane: \u201eCudownie! To co dopiero b\u0119dzie wy\u017cej?\u201d<br \/>Opis asortymentu na trzecim pi\u0119trze g\u0142osi: \u201eM\u0119\u017cczy\u017ani z dobrze p\u0142atn\u0105 prac\u0105, lubi\u0105cy dzieci, bardzo przystojni i pomagaj\u0105cy w pracach domowych\u201d Kobiety krzycz\u0105 z wra\u017cenia: \u201eWow! Ale\u017c to kusz\u0105ce, ale s\u0105 jeszcze wy\u017csze pi\u0119tra!\u201d<br \/>Na czwartym pi\u0119trze widz\u0105 tabliczk\u0119 z napisem: \u201eM\u0119\u017cczy\u017ani z dobrze p\u0142atn\u0105 prac\u0105, lubi\u0105cy dzieci, bardzo przystojni, pomagaj\u0105cy w pracach domowych i wspaniali w \u0142\u00f3\u017cku\u201d. Kobiety czytaj\u0105 napis i omal nie mdlej\u0105 z wra\u017cenia: \u201eOch.. Wchodz\u0119.. Ca\u0142a jestem Twoja!\u201d \u2013 m\u00f3wi\u0105 obie. \u201eAle moment\u2026 Co zatem nas czeka na pi\u0105tym pi\u0119trze?\u201d \u2013 zastanawiaj\u0105 si\u0119 kobiety.<br \/>Id\u0105 wi\u0119c na najwy\u017csze pi\u0119tro, a napis na ostatnim pi\u0119trze g\u0142osi: \u201eTo pi\u0119tro istnieje tylko po to, by udowodni\u0107, \u017ce kobiet nie spos\u00f3b zadowoli\u0107\u201d.<\/p>\n<\/div>\n<\/div>\n<\/div>\n<p>[\/et_pb_blurb][\/et_pb_column][\/et_pb_row][\/et_pb_section]<\/p>\n","protected":false},"excerpt":{"rendered":"<p>[et_pb_section fb_built=&#8221;1&#8243; custom_padding_last_edited=&#8221;on|desktop&#8221; admin_label=&#8221;section&#8221; _builder_version=&#8221;4.9.3&#8243; background_color=&#8221;#FFFFFF&#8221; custom_padding_tablet=&#8221;50px|0|50px|0&#8243; custom_padding_phone=&#8221;&#8221; transparent_background=&#8221;on&#8221; padding_mobile=&#8221;off&#8221; make_fullwidth=&#8221;off&#8221; use_custom_width=&#8221;off&#8221; width_unit=&#8221;on&#8221; custom_width_px=&#8221;1080px&#8221; custom_width_percent=&#8221;80%&#8221;][et_pb_row padding_mobile=&#8221;off&#8221; column_padding_mobile=&#8221;on&#8221; admin_label=&#8221;row&#8221; _builder_version=&#8221;4.9.3&#8243; background_size=&#8221;initial&#8221; background_position=&#8221;top_left&#8221; background_repeat=&#8221;repeat&#8221; width=&#8221;100%&#8221; max_width=&#8221;100%&#8221; make_fullwidth=&#8221;off&#8221; use_custom_width=&#8221;on&#8221; width_unit=&#8221;off&#8221; custom_width_percent=&#8221;90%&#8221;][et_pb_column type=&#8221;4_4&#8243; _builder_version=&#8221;4.9.3&#8243; background_color=&#8221;rgba(0,0,0,0)&#8221; custom_padding=&#8221;|||&#8221; custom_padding__hover=&#8221;|||&#8221;][et_pb_blurb title=&#8221;HUMORYSTYCZNIE&#8221; image=&#8221;https:\/\/umilowani.pl\/wp-content\/uploads\/2024\/12\/Humorystycznie2.jpg&#8221; alt=&#8221;Zamys\u0142&#8221; image_max_width=&#8221;75%&#8221; content_max_width=&#8221;90%&#8221; admin_label=&#8221;Blurb&#8221; _builder_version=&#8221;4.9.3&#8243; header_font_size=&#8221;16&#8243; header_line_height=&#8221;1.6em&#8221; body_font_size=&#8221;16px&#8221; background_size=&#8221;initial&#8221; background_position=&#8221;top_left&#8221; background_repeat=&#8221;repeat&#8221; text_orientation=&#8221;center&#8221; animation=&#8221;off&#8221; hover_enabled=&#8221;0&#8243; border_color_all=&#8221;#000000&#8243; border_width_all_image=&#8221;1px&#8221; border_color_all_image=&#8221;#043518&#8243; use_border_color=&#8221;off&#8221; border_color=&#8221;#ffffff&#8221; border_style=&#8221;solid&#8221; [&hellip;]<\/p>\n","protected":false},"author":1,"featured_media":0,"parent":0,"menu_order":0,"comment_status":"closed","ping_status":"closed","template":"","meta":{"_et_pb_use_builder":"on","_et_pb_old_content":"","_et_gb_content_width":"","footnotes":""},"class_list":["post-16","page","type-page","status-publish","hentry"],"yoast_head":"<!-- This site is optimized with the Yoast SEO plugin v27.5 - https:\/\/yoast.com\/product\/yoast-seo-wordpress\/ -->\n<title>Humorystycznie - UMILOWANI.PL<\/title>\n<meta name=\"description\" content=\"W tym miejscu humorystycznie opowiadamy o ma\u0142\u017ce\u0144stwie. Przybli\u017camy pewne \u201eprawdy\u201d o kobiecie i m\u0119\u017cczy\u017anie podane w \u017cartobliwej formie.\" \/>\n<meta name=\"robots\" content=\"index, follow, max-snippet:-1, max-image-preview:large, max-video-preview:-1\" \/>\n<link rel=\"canonical\" href=\"https:\/\/umilowani.pl\/index.php\/humorystycznie\/\" \/>\n<meta property=\"og:locale\" content=\"pl_PL\" \/>\n<meta property=\"og:type\" content=\"article\" \/>\n<meta property=\"og:title\" content=\"Humorystycznie - UMILOWANI.PL\" \/>\n<meta property=\"og:description\" content=\"W tym miejscu humorystycznie opowiadamy o ma\u0142\u017ce\u0144stwie. Przybli\u017camy pewne \u201eprawdy\u201d o kobiecie i m\u0119\u017cczy\u017anie podane w \u017cartobliwej formie.\" \/>\n<meta property=\"og:url\" content=\"https:\/\/umilowani.pl\/index.php\/humorystycznie\/\" \/>\n<meta property=\"og:site_name\" content=\"UMILOWANI.PL\" \/>\n<meta property=\"article:modified_time\" content=\"2024-12-02T09:09:09+00:00\" \/>\n<meta name=\"twitter:card\" content=\"summary_large_image\" \/>\n<meta name=\"twitter:label1\" content=\"Szacowany czas czytania\" \/>\n\t<meta name=\"twitter:data1\" content=\"14 minut\" \/>\n<script type=\"application\/ld+json\" class=\"yoast-schema-graph\">{\"@context\":\"https:\\\/\\\/schema.org\",\"@graph\":[{\"@type\":\"WebPage\",\"@id\":\"https:\\\/\\\/umilowani.pl\\\/index.php\\\/humorystycznie\\\/\",\"url\":\"https:\\\/\\\/umilowani.pl\\\/index.php\\\/humorystycznie\\\/\",\"name\":\"Humorystycznie - UMILOWANI.PL\",\"isPartOf\":{\"@id\":\"https:\\\/\\\/umilowani.pl\\\/#website\"},\"datePublished\":\"2016-10-28T09:20:46+00:00\",\"dateModified\":\"2024-12-02T09:09:09+00:00\",\"description\":\"W tym miejscu humorystycznie opowiadamy o ma\u0142\u017ce\u0144stwie. Przybli\u017camy pewne \u201eprawdy\u201d o kobiecie i m\u0119\u017cczy\u017anie podane w \u017cartobliwej formie.\",\"breadcrumb\":{\"@id\":\"https:\\\/\\\/umilowani.pl\\\/index.php\\\/humorystycznie\\\/#breadcrumb\"},\"inLanguage\":\"pl-PL\",\"potentialAction\":[{\"@type\":\"ReadAction\",\"target\":[\"https:\\\/\\\/umilowani.pl\\\/index.php\\\/humorystycznie\\\/\"]}]},{\"@type\":\"BreadcrumbList\",\"@id\":\"https:\\\/\\\/umilowani.pl\\\/index.php\\\/humorystycznie\\\/#breadcrumb\",\"itemListElement\":[{\"@type\":\"ListItem\",\"position\":1,\"name\":\"Strona g\u0142\u00f3wna\",\"item\":\"https:\\\/\\\/umilowani.pl\\\/\"},{\"@type\":\"ListItem\",\"position\":2,\"name\":\"Humorystycznie\"}]},{\"@type\":\"WebSite\",\"@id\":\"https:\\\/\\\/umilowani.pl\\\/#website\",\"url\":\"https:\\\/\\\/umilowani.pl\\\/\",\"name\":\"UMILOWANI.PL\",\"description\":\"Ma\u0142\u017ce\u0144stwo, mi\u0142o\u015b\u0107\",\"publisher\":{\"@id\":\"https:\\\/\\\/umilowani.pl\\\/#\\\/schema\\\/person\\\/600a3e0031b2b450828be24ac2027c8a\"},\"potentialAction\":[{\"@type\":\"SearchAction\",\"target\":{\"@type\":\"EntryPoint\",\"urlTemplate\":\"https:\\\/\\\/umilowani.pl\\\/?s={search_term_string}\"},\"query-input\":{\"@type\":\"PropertyValueSpecification\",\"valueRequired\":true,\"valueName\":\"search_term_string\"}}],\"inLanguage\":\"pl-PL\"},{\"@type\":[\"Person\",\"Organization\"],\"@id\":\"https:\\\/\\\/umilowani.pl\\\/#\\\/schema\\\/person\\\/600a3e0031b2b450828be24ac2027c8a\",\"name\":\"UMILOWANI.PL\",\"image\":{\"@type\":\"ImageObject\",\"inLanguage\":\"pl-PL\",\"@id\":\"https:\\\/\\\/umilowani.pl\\\/wp-content\\\/uploads\\\/2022\\\/07\\\/cropped-6.png\",\"url\":\"https:\\\/\\\/umilowani.pl\\\/wp-content\\\/uploads\\\/2022\\\/07\\\/cropped-6.png\",\"contentUrl\":\"https:\\\/\\\/umilowani.pl\\\/wp-content\\\/uploads\\\/2022\\\/07\\\/cropped-6.png\",\"width\":512,\"height\":512,\"caption\":\"UMILOWANI.PL\"},\"logo\":{\"@id\":\"https:\\\/\\\/umilowani.pl\\\/wp-content\\\/uploads\\\/2022\\\/07\\\/cropped-6.png\"}}]}<\/script>\n<!-- \/ Yoast SEO plugin. -->","yoast_head_json":{"title":"Humorystycznie - UMILOWANI.PL","description":"W tym miejscu humorystycznie opowiadamy o ma\u0142\u017ce\u0144stwie. Przybli\u017camy pewne \u201eprawdy\u201d o kobiecie i m\u0119\u017cczy\u017anie podane w \u017cartobliwej formie.","robots":{"index":"index","follow":"follow","max-snippet":"max-snippet:-1","max-image-preview":"max-image-preview:large","max-video-preview":"max-video-preview:-1"},"canonical":"https:\/\/umilowani.pl\/index.php\/humorystycznie\/","og_locale":"pl_PL","og_type":"article","og_title":"Humorystycznie - UMILOWANI.PL","og_description":"W tym miejscu humorystycznie opowiadamy o ma\u0142\u017ce\u0144stwie. Przybli\u017camy pewne \u201eprawdy\u201d o kobiecie i m\u0119\u017cczy\u017anie podane w \u017cartobliwej formie.","og_url":"https:\/\/umilowani.pl\/index.php\/humorystycznie\/","og_site_name":"UMILOWANI.PL","article_modified_time":"2024-12-02T09:09:09+00:00","twitter_card":"summary_large_image","twitter_misc":{"Szacowany czas czytania":"14 minut"},"schema":{"@context":"https:\/\/schema.org","@graph":[{"@type":"WebPage","@id":"https:\/\/umilowani.pl\/index.php\/humorystycznie\/","url":"https:\/\/umilowani.pl\/index.php\/humorystycznie\/","name":"Humorystycznie - UMILOWANI.PL","isPartOf":{"@id":"https:\/\/umilowani.pl\/#website"},"datePublished":"2016-10-28T09:20:46+00:00","dateModified":"2024-12-02T09:09:09+00:00","description":"W tym miejscu humorystycznie opowiadamy o ma\u0142\u017ce\u0144stwie. Przybli\u017camy pewne \u201eprawdy\u201d o kobiecie i m\u0119\u017cczy\u017anie podane w \u017cartobliwej formie.","breadcrumb":{"@id":"https:\/\/umilowani.pl\/index.php\/humorystycznie\/#breadcrumb"},"inLanguage":"pl-PL","potentialAction":[{"@type":"ReadAction","target":["https:\/\/umilowani.pl\/index.php\/humorystycznie\/"]}]},{"@type":"BreadcrumbList","@id":"https:\/\/umilowani.pl\/index.php\/humorystycznie\/#breadcrumb","itemListElement":[{"@type":"ListItem","position":1,"name":"Strona g\u0142\u00f3wna","item":"https:\/\/umilowani.pl\/"},{"@type":"ListItem","position":2,"name":"Humorystycznie"}]},{"@type":"WebSite","@id":"https:\/\/umilowani.pl\/#website","url":"https:\/\/umilowani.pl\/","name":"UMILOWANI.PL","description":"Ma\u0142\u017ce\u0144stwo, mi\u0142o\u015b\u0107","publisher":{"@id":"https:\/\/umilowani.pl\/#\/schema\/person\/600a3e0031b2b450828be24ac2027c8a"},"potentialAction":[{"@type":"SearchAction","target":{"@type":"EntryPoint","urlTemplate":"https:\/\/umilowani.pl\/?s={search_term_string}"},"query-input":{"@type":"PropertyValueSpecification","valueRequired":true,"valueName":"search_term_string"}}],"inLanguage":"pl-PL"},{"@type":["Person","Organization"],"@id":"https:\/\/umilowani.pl\/#\/schema\/person\/600a3e0031b2b450828be24ac2027c8a","name":"UMILOWANI.PL","image":{"@type":"ImageObject","inLanguage":"pl-PL","@id":"https:\/\/umilowani.pl\/wp-content\/uploads\/2022\/07\/cropped-6.png","url":"https:\/\/umilowani.pl\/wp-content\/uploads\/2022\/07\/cropped-6.png","contentUrl":"https:\/\/umilowani.pl\/wp-content\/uploads\/2022\/07\/cropped-6.png","width":512,"height":512,"caption":"UMILOWANI.PL"},"logo":{"@id":"https:\/\/umilowani.pl\/wp-content\/uploads\/2022\/07\/cropped-6.png"}}]}},"_links":{"self":[{"href":"https:\/\/umilowani.pl\/index.php\/wp-json\/wp\/v2\/pages\/16","targetHints":{"allow":["GET"]}}],"collection":[{"href":"https:\/\/umilowani.pl\/index.php\/wp-json\/wp\/v2\/pages"}],"about":[{"href":"https:\/\/umilowani.pl\/index.php\/wp-json\/wp\/v2\/types\/page"}],"author":[{"embeddable":true,"href":"https:\/\/umilowani.pl\/index.php\/wp-json\/wp\/v2\/users\/1"}],"replies":[{"embeddable":true,"href":"https:\/\/umilowani.pl\/index.php\/wp-json\/wp\/v2\/comments?post=16"}],"version-history":[{"count":1,"href":"https:\/\/umilowani.pl\/index.php\/wp-json\/wp\/v2\/pages\/16\/revisions"}],"predecessor-version":[{"id":18412,"href":"https:\/\/umilowani.pl\/index.php\/wp-json\/wp\/v2\/pages\/16\/revisions\/18412"}],"wp:attachment":[{"href":"https:\/\/umilowani.pl\/index.php\/wp-json\/wp\/v2\/media?parent=16"}],"curies":[{"name":"wp","href":"https:\/\/api.w.org\/{rel}","templated":true}]}}