{"id":19291,"date":"2026-01-07T18:25:19","date_gmt":"2026-01-07T17:25:19","guid":{"rendered":"https:\/\/umilowani.pl\/?page_id=19291"},"modified":"2026-04-23T08:14:13","modified_gmt":"2026-04-23T06:14:13","slug":"higiena-cyfrowa","status":"publish","type":"page","link":"https:\/\/umilowani.pl\/index.php\/higiena-cyfrowa\/","title":{"rendered":"Higiena cyfrowa"},"content":{"rendered":"<p>[et_pb_section fb_built=&#8221;1&#8243; custom_padding_last_edited=&#8221;on|desktop&#8221; admin_label=&#8221;section&#8221; _builder_version=&#8221;4.9.3&#8243; background_color=&#8221;#FFFFFF&#8221; custom_padding_tablet=&#8221;50px|0|50px|0&#8243; custom_padding_phone=&#8221;&#8221; transparent_background=&#8221;on&#8221; padding_mobile=&#8221;off&#8221; make_fullwidth=&#8221;off&#8221; use_custom_width=&#8221;off&#8221; width_unit=&#8221;on&#8221; custom_width_px=&#8221;1080px&#8221; custom_width_percent=&#8221;80%&#8221;][et_pb_row padding_mobile=&#8221;off&#8221; column_padding_mobile=&#8221;on&#8221; admin_label=&#8221;row&#8221; _builder_version=&#8221;4.9.3&#8243; background_size=&#8221;initial&#8221; background_position=&#8221;top_left&#8221; background_repeat=&#8221;repeat&#8221; width=&#8221;100%&#8221; max_width=&#8221;100%&#8221; make_fullwidth=&#8221;off&#8221; use_custom_width=&#8221;on&#8221; width_unit=&#8221;off&#8221; custom_width_percent=&#8221;90%&#8221;][et_pb_column type=&#8221;4_4&#8243; _builder_version=&#8221;4.9.3&#8243; background_color=&#8221;rgba(0,0,0,0)&#8221; custom_padding=&#8221;|||&#8221; custom_padding__hover=&#8221;|||&#8221;][et_pb_blurb title=&#8221;HIGIENA CYFROWA&#8221; image=&#8221;https:\/\/umilowani.pl\/wp-content\/uploads\/2026\/01\/Higiena2.jpg&#8221; alt=&#8221;Zamys\u0142&#8221; image_max_width=&#8221;75%&#8221; content_max_width=&#8221;90%&#8221; admin_label=&#8221;Blurb&#8221; _builder_version=&#8221;4.9.3&#8243; header_font_size=&#8221;16&#8243; header_line_height=&#8221;1.6em&#8221; body_font_size=&#8221;16px&#8221; background_size=&#8221;initial&#8221; background_position=&#8221;top_left&#8221; background_repeat=&#8221;repeat&#8221; text_orientation=&#8221;center&#8221; animation=&#8221;off&#8221; hover_enabled=&#8221;0&#8243; border_color_all=&#8221;#000000&#8243; border_width_all_image=&#8221;1px&#8221; border_color_all_image=&#8221;#043518&#8243; use_border_color=&#8221;off&#8221; border_color=&#8221;#ffffff&#8221; border_style=&#8221;solid&#8221; sticky_enabled=&#8221;0&#8243;]<\/p>\n<div class=\"et_pb_slide_content\" style=\"text-align: center;\">\n<div class=\"et_pb_slide_content\">\n<div>\n<p>&nbsp;<\/p>\n<p><span style=\"color: #a0b34d;\"><strong><em>\u201e\u0141AWA NIE ZAST\u0104PI W DOMU OKR\u0104G\u0141EGO STO\u0141U. SIADA SI\u0118 PRZY NIEJ TAK, \u017bEBY NIKT NIE ZAS\u0141ANIA\u0141 TELEWIZORA. NIE POZW\u00d3LCIE, ABY WASZE \u017bYCIE ZOSTA\u0141O PODDANE TYRANII TELEWIZJI\u201d.<br \/><\/em><\/strong>Jan Budziaszek \u201eDo nieba idzie si\u0119\u2026\u201d<\/span><\/p>\n<p>&nbsp;<\/p>\n<\/div>\n<div class=\"et_pb_slide_content\">\n<div class=\"et_pb_slide_content\">\n<div>\n<p>\u201eJak nie wpa\u015b\u0107 w sie\u0107, czyli o higienie cyfrowej&#8221; to cykl warsztat\u00f3w edukacyjno \u2013 informacyjnych dla rodzic\u00f3w dzieci i nastolatk\u00f3w. Warsztaty dotycz\u0105 zachowania balansu mi\u0119dzy \u015bwiatem realnym i korzystaniem z urz\u0105dze\u0144 elektronicznych oraz z zakresu profilaktyki uzale\u017cnie\u0144 od \u015bwiata wirtualnego. Podczas spotka\u0144 rozmawiamy o tym, jak podtrzyma\u0107 dobre wi\u0119zi w rodzinie, jak chroni\u0107 si\u0119 przed fonoholizmem i uzale\u017cnieniem od internetu. Tworzymy praktyczny kontrakt z zasadami korzystania z urz\u0105dze\u0144 elektronicznych dla ca\u0142ej rodziny. Zaj\u0119cia s\u0105 oparte na najnowszych wynikach raport\u00f3w dotycz\u0105cych zachowa\u0144 m\u0142odych os\u00f3b w sieci. Generalnie podczas warsztat\u00f3w:<\/p>\n<p>\u2013 rozmawiamy o tym, jak podtrzyma\u0107 dobre wi\u0119zi w rodzinie, by \u017cy\u0107 bardziej offline ni\u017c online;<br \/>\u2013 u\u015bwiadamiamy sobie jak wa\u017cne s\u0105 relacje naszych dzieci z innymi oraz zdrowy styl \u017cycia;<br \/>\u2013 szukamy pomys\u0142\u00f3w na m\u0105dre i ciekawe aktywno\u015bci w \u015bwiecie offline;<br \/>\u2013 tworzymy praktyczny kontrakt zawieraj\u0105cy zasady korzystania z urz\u0105dze\u0144 elektronicznych dla ca\u0142ej rodziny, pocz\u0105wszy od doros\u0142ych uczestnik\u00f3w zaj\u0119\u0107<\/p>\n<\/div>\n<\/div>\n<\/div>\n<div>\u00a0<\/div>\n<div>\n<div class=\"et_pb_slide_content\">\n<div class=\"et_pb_slide_content\">\n<p>Do tej pory odby\u0142y si\u0119 3 edycje zaj\u0119\u0107, w kt\u00f3rych uczestniczy\u0142o ponad 30 os\u00f3b!<\/p>\n<p>&nbsp;<\/p>\n<h4 class=\"et_pb_module_header\">KOLEJNE WARSZTATY ROZPOCZN\u0104 SI\u0118 21 PA\u0179DZIERNIKA 2026 ROKU<\/h4>\n<p>Spotkania odbywaj\u0105 si\u0119 w Poradni Rodzinnej przy ul. Wolskiej 9a we Wroc\u0142awiu.<br \/>Zapisy przyjmujemy mailowo: poradnia.lesnica@gmail.com lub poprzez SMS pod numer: 609-870-118.<br \/>Warsztaty s\u0105 bezp\u0142atne, wsp\u00f3\u0142finansowane ze \u015brodk\u00f3w gminy Wroc\u0142aw.<\/p>\n<p>Skorzystaj i zadbaj o w\u0142a\u015bciwy balans mi\u0119dzy \u015bwiatem realnym i wirtualnym!<\/p>\n<p>&nbsp;<\/p>\n<\/div>\n<\/div>\n<p><a href=\"https:\/\/umilowani.pl\/wp-content\/uploads\/2026\/01\/Telefon5_Ania_2026_2.jpg\"><img loading=\"lazy\" decoding=\"async\" class=\"alignnone wp-image-19543\" src=\"https:\/\/umilowani.pl\/wp-content\/uploads\/2026\/01\/Telefon5_Ania_2026_2-769x1024.jpg\" alt=\"\" width=\"451\" height=\"600\" \/><\/a><\/p>\n<\/div>\n<\/div>\n<\/div>\n<p>[\/et_pb_blurb][\/et_pb_column][\/et_pb_row][\/et_pb_section]<\/p>\n","protected":false},"excerpt":{"rendered":"<p>[et_pb_section fb_built=&#8221;1&#8243; custom_padding_last_edited=&#8221;on|desktop&#8221; admin_label=&#8221;section&#8221; _builder_version=&#8221;4.9.3&#8243; background_color=&#8221;#FFFFFF&#8221; custom_padding_tablet=&#8221;50px|0|50px|0&#8243; custom_padding_phone=&#8221;&#8221; transparent_background=&#8221;on&#8221; padding_mobile=&#8221;off&#8221; make_fullwidth=&#8221;off&#8221; use_custom_width=&#8221;off&#8221; width_unit=&#8221;on&#8221; custom_width_px=&#8221;1080px&#8221; custom_width_percent=&#8221;80%&#8221;][et_pb_row padding_mobile=&#8221;off&#8221; column_padding_mobile=&#8221;on&#8221; admin_label=&#8221;row&#8221; _builder_version=&#8221;4.9.3&#8243; background_size=&#8221;initial&#8221; background_position=&#8221;top_left&#8221; background_repeat=&#8221;repeat&#8221; width=&#8221;100%&#8221; max_width=&#8221;100%&#8221; make_fullwidth=&#8221;off&#8221; use_custom_width=&#8221;on&#8221; width_unit=&#8221;off&#8221; custom_width_percent=&#8221;90%&#8221;][et_pb_column type=&#8221;4_4&#8243; _builder_version=&#8221;4.9.3&#8243; background_color=&#8221;rgba(0,0,0,0)&#8221; custom_padding=&#8221;|||&#8221; custom_padding__hover=&#8221;|||&#8221;][et_pb_blurb title=&#8221;HIGIENA CYFROWA&#8221; image=&#8221;https:\/\/umilowani.pl\/wp-content\/uploads\/2026\/01\/Higiena2.jpg&#8221; alt=&#8221;Zamys\u0142&#8221; image_max_width=&#8221;75%&#8221; content_max_width=&#8221;90%&#8221; admin_label=&#8221;Blurb&#8221; _builder_version=&#8221;4.9.3&#8243; header_font_size=&#8221;16&#8243; header_line_height=&#8221;1.6em&#8221; body_font_size=&#8221;16px&#8221; background_size=&#8221;initial&#8221; background_position=&#8221;top_left&#8221; background_repeat=&#8221;repeat&#8221; text_orientation=&#8221;center&#8221; animation=&#8221;off&#8221; hover_enabled=&#8221;0&#8243; border_color_all=&#8221;#000000&#8243; border_width_all_image=&#8221;1px&#8221; border_color_all_image=&#8221;#043518&#8243; use_border_color=&#8221;off&#8221; border_color=&#8221;#ffffff&#8221; [&hellip;]<\/p>\n","protected":false},"author":1,"featured_media":0,"parent":0,"menu_order":0,"comment_status":"closed","ping_status":"closed","template":"","meta":{"_et_pb_use_builder":"on","_et_pb_old_content":"","_et_gb_content_width":"","footnotes":""},"class_list":["post-19291","page","type-page","status-publish","hentry"],"yoast_head":"<!-- This site is optimized with the Yoast SEO plugin v27.5 - https:\/\/yoast.com\/product\/yoast-seo-wordpress\/ -->\n<title>Higiena cyfrowa - UMILOWANI.PL<\/title>\n<meta name=\"description\" content=\"Zapraszamy na warsztaty edukacyjno \u2013 informacyjne skierowane dla os\u00f3b doros\u0142ych z zakresu profilaktyki uzale\u017cnie\u0144 od medi\u00f3w cyfrowych.\" \/>\n<meta name=\"robots\" content=\"index, follow, max-snippet:-1, max-image-preview:large, max-video-preview:-1\" \/>\n<link rel=\"canonical\" href=\"https:\/\/umilowani.pl\/index.php\/higiena-cyfrowa\/\" \/>\n<meta property=\"og:locale\" content=\"pl_PL\" \/>\n<meta property=\"og:type\" content=\"article\" \/>\n<meta property=\"og:title\" content=\"Higiena cyfrowa - UMILOWANI.PL\" \/>\n<meta property=\"og:description\" content=\"Zapraszamy na warsztaty edukacyjno \u2013 informacyjne skierowane dla os\u00f3b doros\u0142ych z zakresu profilaktyki uzale\u017cnie\u0144 od medi\u00f3w cyfrowych.\" \/>\n<meta property=\"og:url\" content=\"https:\/\/umilowani.pl\/index.php\/higiena-cyfrowa\/\" \/>\n<meta property=\"og:site_name\" content=\"UMILOWANI.PL\" \/>\n<meta property=\"article:modified_time\" content=\"2026-04-23T06:14:13+00:00\" \/>\n<meta property=\"og:image\" content=\"https:\/\/umilowani.pl\/wp-content\/uploads\/2026\/01\/Telefon5_Ania_2026_2-769x1024.jpg\" \/>\n<meta name=\"twitter:card\" content=\"summary_large_image\" \/>\n<meta name=\"twitter:label1\" content=\"Szacowany czas czytania\" \/>\n\t<meta name=\"twitter:data1\" content=\"2 minuty\" \/>\n<script type=\"application\/ld+json\" class=\"yoast-schema-graph\">{\"@context\":\"https:\\\/\\\/schema.org\",\"@graph\":[{\"@type\":\"WebPage\",\"@id\":\"https:\\\/\\\/umilowani.pl\\\/index.php\\\/higiena-cyfrowa\\\/\",\"url\":\"https:\\\/\\\/umilowani.pl\\\/index.php\\\/higiena-cyfrowa\\\/\",\"name\":\"Higiena cyfrowa - UMILOWANI.PL\",\"isPartOf\":{\"@id\":\"https:\\\/\\\/umilowani.pl\\\/#website\"},\"primaryImageOfPage\":{\"@id\":\"https:\\\/\\\/umilowani.pl\\\/index.php\\\/higiena-cyfrowa\\\/#primaryimage\"},\"image\":{\"@id\":\"https:\\\/\\\/umilowani.pl\\\/index.php\\\/higiena-cyfrowa\\\/#primaryimage\"},\"thumbnailUrl\":\"https:\\\/\\\/umilowani.pl\\\/wp-content\\\/uploads\\\/2026\\\/01\\\/Telefon5_Ania_2026_2-769x1024.jpg\",\"datePublished\":\"2026-01-07T17:25:19+00:00\",\"dateModified\":\"2026-04-23T06:14:13+00:00\",\"description\":\"Zapraszamy na warsztaty edukacyjno \u2013 informacyjne skierowane dla os\u00f3b doros\u0142ych z zakresu profilaktyki uzale\u017cnie\u0144 od medi\u00f3w cyfrowych.\",\"breadcrumb\":{\"@id\":\"https:\\\/\\\/umilowani.pl\\\/index.php\\\/higiena-cyfrowa\\\/#breadcrumb\"},\"inLanguage\":\"pl-PL\",\"potentialAction\":[{\"@type\":\"ReadAction\",\"target\":[\"https:\\\/\\\/umilowani.pl\\\/index.php\\\/higiena-cyfrowa\\\/\"]}]},{\"@type\":\"ImageObject\",\"inLanguage\":\"pl-PL\",\"@id\":\"https:\\\/\\\/umilowani.pl\\\/index.php\\\/higiena-cyfrowa\\\/#primaryimage\",\"url\":\"https:\\\/\\\/umilowani.pl\\\/wp-content\\\/uploads\\\/2026\\\/01\\\/Telefon5_Ania_2026_2.jpg\",\"contentUrl\":\"https:\\\/\\\/umilowani.pl\\\/wp-content\\\/uploads\\\/2026\\\/01\\\/Telefon5_Ania_2026_2.jpg\",\"width\":1499,\"height\":1996},{\"@type\":\"BreadcrumbList\",\"@id\":\"https:\\\/\\\/umilowani.pl\\\/index.php\\\/higiena-cyfrowa\\\/#breadcrumb\",\"itemListElement\":[{\"@type\":\"ListItem\",\"position\":1,\"name\":\"Strona g\u0142\u00f3wna\",\"item\":\"https:\\\/\\\/umilowani.pl\\\/\"},{\"@type\":\"ListItem\",\"position\":2,\"name\":\"Higiena cyfrowa\"}]},{\"@type\":\"WebSite\",\"@id\":\"https:\\\/\\\/umilowani.pl\\\/#website\",\"url\":\"https:\\\/\\\/umilowani.pl\\\/\",\"name\":\"UMILOWANI.PL\",\"description\":\"Ma\u0142\u017ce\u0144stwo, mi\u0142o\u015b\u0107\",\"publisher\":{\"@id\":\"https:\\\/\\\/umilowani.pl\\\/#\\\/schema\\\/person\\\/600a3e0031b2b450828be24ac2027c8a\"},\"potentialAction\":[{\"@type\":\"SearchAction\",\"target\":{\"@type\":\"EntryPoint\",\"urlTemplate\":\"https:\\\/\\\/umilowani.pl\\\/?s={search_term_string}\"},\"query-input\":{\"@type\":\"PropertyValueSpecification\",\"valueRequired\":true,\"valueName\":\"search_term_string\"}}],\"inLanguage\":\"pl-PL\"},{\"@type\":[\"Person\",\"Organization\"],\"@id\":\"https:\\\/\\\/umilowani.pl\\\/#\\\/schema\\\/person\\\/600a3e0031b2b450828be24ac2027c8a\",\"name\":\"UMILOWANI.PL\",\"image\":{\"@type\":\"ImageObject\",\"inLanguage\":\"pl-PL\",\"@id\":\"https:\\\/\\\/umilowani.pl\\\/wp-content\\\/uploads\\\/2022\\\/07\\\/cropped-6.png\",\"url\":\"https:\\\/\\\/umilowani.pl\\\/wp-content\\\/uploads\\\/2022\\\/07\\\/cropped-6.png\",\"contentUrl\":\"https:\\\/\\\/umilowani.pl\\\/wp-content\\\/uploads\\\/2022\\\/07\\\/cropped-6.png\",\"width\":512,\"height\":512,\"caption\":\"UMILOWANI.PL\"},\"logo\":{\"@id\":\"https:\\\/\\\/umilowani.pl\\\/wp-content\\\/uploads\\\/2022\\\/07\\\/cropped-6.png\"}}]}<\/script>\n<!-- \/ Yoast SEO plugin. -->","yoast_head_json":{"title":"Higiena cyfrowa - UMILOWANI.PL","description":"Zapraszamy na warsztaty edukacyjno \u2013 informacyjne skierowane dla os\u00f3b doros\u0142ych z zakresu profilaktyki uzale\u017cnie\u0144 od medi\u00f3w cyfrowych.","robots":{"index":"index","follow":"follow","max-snippet":"max-snippet:-1","max-image-preview":"max-image-preview:large","max-video-preview":"max-video-preview:-1"},"canonical":"https:\/\/umilowani.pl\/index.php\/higiena-cyfrowa\/","og_locale":"pl_PL","og_type":"article","og_title":"Higiena cyfrowa - UMILOWANI.PL","og_description":"Zapraszamy na warsztaty edukacyjno \u2013 informacyjne skierowane dla os\u00f3b doros\u0142ych z zakresu profilaktyki uzale\u017cnie\u0144 od medi\u00f3w cyfrowych.","og_url":"https:\/\/umilowani.pl\/index.php\/higiena-cyfrowa\/","og_site_name":"UMILOWANI.PL","article_modified_time":"2026-04-23T06:14:13+00:00","og_image":[{"url":"https:\/\/umilowani.pl\/wp-content\/uploads\/2026\/01\/Telefon5_Ania_2026_2-769x1024.jpg","type":"","width":"","height":""}],"twitter_card":"summary_large_image","twitter_misc":{"Szacowany czas czytania":"2 minuty"},"schema":{"@context":"https:\/\/schema.org","@graph":[{"@type":"WebPage","@id":"https:\/\/umilowani.pl\/index.php\/higiena-cyfrowa\/","url":"https:\/\/umilowani.pl\/index.php\/higiena-cyfrowa\/","name":"Higiena cyfrowa - UMILOWANI.PL","isPartOf":{"@id":"https:\/\/umilowani.pl\/#website"},"primaryImageOfPage":{"@id":"https:\/\/umilowani.pl\/index.php\/higiena-cyfrowa\/#primaryimage"},"image":{"@id":"https:\/\/umilowani.pl\/index.php\/higiena-cyfrowa\/#primaryimage"},"thumbnailUrl":"https:\/\/umilowani.pl\/wp-content\/uploads\/2026\/01\/Telefon5_Ania_2026_2-769x1024.jpg","datePublished":"2026-01-07T17:25:19+00:00","dateModified":"2026-04-23T06:14:13+00:00","description":"Zapraszamy na warsztaty edukacyjno \u2013 informacyjne skierowane dla os\u00f3b doros\u0142ych z zakresu profilaktyki uzale\u017cnie\u0144 od medi\u00f3w cyfrowych.","breadcrumb":{"@id":"https:\/\/umilowani.pl\/index.php\/higiena-cyfrowa\/#breadcrumb"},"inLanguage":"pl-PL","potentialAction":[{"@type":"ReadAction","target":["https:\/\/umilowani.pl\/index.php\/higiena-cyfrowa\/"]}]},{"@type":"ImageObject","inLanguage":"pl-PL","@id":"https:\/\/umilowani.pl\/index.php\/higiena-cyfrowa\/#primaryimage","url":"https:\/\/umilowani.pl\/wp-content\/uploads\/2026\/01\/Telefon5_Ania_2026_2.jpg","contentUrl":"https:\/\/umilowani.pl\/wp-content\/uploads\/2026\/01\/Telefon5_Ania_2026_2.jpg","width":1499,"height":1996},{"@type":"BreadcrumbList","@id":"https:\/\/umilowani.pl\/index.php\/higiena-cyfrowa\/#breadcrumb","itemListElement":[{"@type":"ListItem","position":1,"name":"Strona g\u0142\u00f3wna","item":"https:\/\/umilowani.pl\/"},{"@type":"ListItem","position":2,"name":"Higiena cyfrowa"}]},{"@type":"WebSite","@id":"https:\/\/umilowani.pl\/#website","url":"https:\/\/umilowani.pl\/","name":"UMILOWANI.PL","description":"Ma\u0142\u017ce\u0144stwo, mi\u0142o\u015b\u0107","publisher":{"@id":"https:\/\/umilowani.pl\/#\/schema\/person\/600a3e0031b2b450828be24ac2027c8a"},"potentialAction":[{"@type":"SearchAction","target":{"@type":"EntryPoint","urlTemplate":"https:\/\/umilowani.pl\/?s={search_term_string}"},"query-input":{"@type":"PropertyValueSpecification","valueRequired":true,"valueName":"search_term_string"}}],"inLanguage":"pl-PL"},{"@type":["Person","Organization"],"@id":"https:\/\/umilowani.pl\/#\/schema\/person\/600a3e0031b2b450828be24ac2027c8a","name":"UMILOWANI.PL","image":{"@type":"ImageObject","inLanguage":"pl-PL","@id":"https:\/\/umilowani.pl\/wp-content\/uploads\/2022\/07\/cropped-6.png","url":"https:\/\/umilowani.pl\/wp-content\/uploads\/2022\/07\/cropped-6.png","contentUrl":"https:\/\/umilowani.pl\/wp-content\/uploads\/2022\/07\/cropped-6.png","width":512,"height":512,"caption":"UMILOWANI.PL"},"logo":{"@id":"https:\/\/umilowani.pl\/wp-content\/uploads\/2022\/07\/cropped-6.png"}}]}},"_links":{"self":[{"href":"https:\/\/umilowani.pl\/index.php\/wp-json\/wp\/v2\/pages\/19291","targetHints":{"allow":["GET"]}}],"collection":[{"href":"https:\/\/umilowani.pl\/index.php\/wp-json\/wp\/v2\/pages"}],"about":[{"href":"https:\/\/umilowani.pl\/index.php\/wp-json\/wp\/v2\/types\/page"}],"author":[{"embeddable":true,"href":"https:\/\/umilowani.pl\/index.php\/wp-json\/wp\/v2\/users\/1"}],"replies":[{"embeddable":true,"href":"https:\/\/umilowani.pl\/index.php\/wp-json\/wp\/v2\/comments?post=19291"}],"version-history":[{"count":16,"href":"https:\/\/umilowani.pl\/index.php\/wp-json\/wp\/v2\/pages\/19291\/revisions"}],"predecessor-version":[{"id":19743,"href":"https:\/\/umilowani.pl\/index.php\/wp-json\/wp\/v2\/pages\/19291\/revisions\/19743"}],"wp:attachment":[{"href":"https:\/\/umilowani.pl\/index.php\/wp-json\/wp\/v2\/media?parent=19291"}],"curies":[{"name":"wp","href":"https:\/\/api.w.org\/{rel}","templated":true}]}}