{"id":3493,"date":"2018-09-11T10:26:33","date_gmt":"2018-09-11T08:26:33","guid":{"rendered":"http:\/\/umilowani.pl\/?page_id=3493"},"modified":"2024-12-02T09:44:37","modified_gmt":"2024-12-02T08:44:37","slug":"recenzja","status":"publish","type":"page","link":"https:\/\/umilowani.pl\/index.php\/recenzja\/","title":{"rendered":"Recenzja"},"content":{"rendered":"<p>[et_pb_section fb_built=&#8221;1&#8243; custom_padding_last_edited=&#8221;on|desktop&#8221; admin_label=&#8221;section&#8221; _builder_version=&#8221;4.9.3&#8243; background_color=&#8221;#FFFFFF&#8221; custom_padding_tablet=&#8221;50px|0|50px|0&#8243; custom_padding_phone=&#8221;&#8221; transparent_background=&#8221;on&#8221; padding_mobile=&#8221;off&#8221; make_fullwidth=&#8221;off&#8221; use_custom_width=&#8221;off&#8221; width_unit=&#8221;on&#8221; custom_width_px=&#8221;1080px&#8221; custom_width_percent=&#8221;80%&#8221;][et_pb_row padding_mobile=&#8221;off&#8221; column_padding_mobile=&#8221;on&#8221; admin_label=&#8221;row&#8221; _builder_version=&#8221;4.9.3&#8243; background_size=&#8221;initial&#8221; background_position=&#8221;top_left&#8221; background_repeat=&#8221;repeat&#8221; width=&#8221;100%&#8221; max_width=&#8221;100%&#8221; make_fullwidth=&#8221;off&#8221; use_custom_width=&#8221;on&#8221; width_unit=&#8221;off&#8221; custom_width_percent=&#8221;90%&#8221;][et_pb_column type=&#8221;4_4&#8243; _builder_version=&#8221;4.9.3&#8243; background_color=&#8221;rgba(0,0,0,0)&#8221; custom_padding=&#8221;|||&#8221; custom_padding__hover=&#8221;|||&#8221;][et_pb_blurb title=&#8221;RECENZJA&#8221; image=&#8221;https:\/\/umilowani.pl\/wp-content\/uploads\/2024\/12\/Recenzja2.jpg&#8221; alt=&#8221;Zamys\u0142&#8221; image_max_width=&#8221;75%&#8221; content_max_width=&#8221;90%&#8221; admin_label=&#8221;Blurb&#8221; _builder_version=&#8221;4.9.3&#8243; header_font_size=&#8221;16&#8243; header_line_height=&#8221;1.6em&#8221; body_font_size=&#8221;16px&#8221; background_size=&#8221;initial&#8221; background_position=&#8221;top_left&#8221; background_repeat=&#8221;repeat&#8221; text_orientation=&#8221;center&#8221; animation=&#8221;off&#8221; hover_enabled=&#8221;0&#8243; border_color_all=&#8221;#000000&#8243; border_width_all_image=&#8221;1px&#8221; border_color_all_image=&#8221;#043518&#8243; use_border_color=&#8221;off&#8221; border_color=&#8221;#ffffff&#8221; border_style=&#8221;solid&#8221; sticky_enabled=&#8221;0&#8243;]<\/p>\n<div class=\"et_pb_slide_content\" style=\"text-align: center;\">\n<div class=\"et_pb_slide_content\">\n<div>\n<p>&nbsp;<\/p>\n<div class=\"et_pb_slide_content\">\n<div class=\"et_pb_slide_content\">\n<p><span style=\"color: #a0b34d;\"><strong><em>\u201eKOCHAJ TYCH, KT\u00d3RZY CI SI\u0118 SPRZECIWIAJ\u0104 I UPOKARZAJ\u0104 CI\u0118. WI\u0118CEJ DOPOMOG\u0104 CI ONI W OSI\u0104GNI\u0118CIU DOSKONA\u0141O\u015aCI OD TYCH, KT\u00d3RZY CI POCHLEBIAJ\u0104\u201d.<\/em><em><br \/><\/em><\/strong>Jan Budziaszek \u201eDo nieba idzie si\u0119\u2026\u201d<\/span><\/p>\n<p>&nbsp;<\/p>\n<p>Cytujemy poni\u017cej recenzj\u0119 naszej strony www.umilowani.pl, o kt\u00f3r\u0105 poprosili\u015bmy ks. dra Marka Dziewieckiego. Ks. dr Marek Dziewiecki jest autorem wielu ksi\u0105\u017cek i artyku\u0142\u00f3w na temat mi\u0142o\u015bci, wychowania, ma\u0142\u017ce\u0144stwa i rodziny. W swoich publikacjach zajmuje si\u0119 r\u00f3wnie\u017c psychologi\u0105 zdrowia, profilaktyk\u0105 i terapi\u0105 uzale\u017cnie\u0144, a tak\u017ce komunikacj\u0105 mi\u0119dzyludzk\u0105. Jeste\u015bmy za poni\u017csz\u0105 recenzj\u0119 niezwykle wdzi\u0119czni.<\/p>\n<p>&nbsp;<\/p>\n<h3>Recenzja &#8211; strona internetowa<\/h3>\n<p>&nbsp;<\/p>\n<p><em>&#8222;Z rado\u015bci\u0105 przeczyta\u0142em teksty, kt\u00f3re sk\u0142adaj\u0105 si\u0119 na stron\u0119 internetow\u0105 www.umilowani.pl. Strona ta porusza tematyk\u0119 ma\u0142\u017ce\u0144stwa i rodziny. Tego typu strony s\u0105 bardzo potrzebne w sytuacji, w kt\u00f3rej w Internecie wiele jest takich stron i takich tre\u015bci, kt\u00f3re zwalczaj\u0105 ma\u0142\u017ce\u0144stwo i rodzin\u0119. Zdarza si\u0119, \u017ce wr\u0119cz kpi\u0105 sobie z mi\u0142o\u015bci, czysto\u015bci, wierno\u015bci, odpowiedzialnego rodzicielstwa czy to\u017csamo\u015bci kobiety i m\u0119\u017cczyzny.<\/em><\/p>\n<p><em>Strona www.umilowani.pl zawiera teksty i informacje, kt\u00f3re s\u0105 zgodne z katolick\u0105 nauk\u0105 o ma\u0142\u017ce\u0144stwie i rodzinie. Cenne jest to, i\u017c autorzy tej strony stanowczo i precyzyjnie wyja\u015bniaj\u0105 definicj\u0119 mi\u0142o\u015bci. Mi\u0142o\u015b\u0107 ma\u0142\u017ce\u0144ska, jak\u0105 proponuje B\u00f3g, to najwi\u0119ksza mi\u0142o\u015b\u0107, jaka mo\u017ce po\u0142\u0105czy\u0107 kobiet\u0119 i m\u0119\u017cczyzn\u0119 w doczesno\u015bci. To mi\u0142o\u015b\u0107 jeszcze silniejsza ni\u017c mi\u0142o\u015b\u0107 do rodzic\u00f3w, do rodze\u0144stwa, do dzieci czy do najwi\u0119kszych nawet przyjaci\u00f3\u0142. To jedyna forma mi\u0142o\u015bci, w kt\u00f3rej wsp\u00f3\u0142\u017cycie seksualne mo\u017ce by\u0107 czyste, a rodzicielstwo \u2013 odpowiedzialne.<\/em><\/p>\n<p>&nbsp;<\/p>\n<h3>\u00a0Recenzja &#8211; autorzy<\/h3>\n<p>&nbsp;<\/p>\n<p><em>Autorzy strony www.umilowani.pl w spos\u00f3b syntetyczny pokazuj\u0105 szanse, jakie warto wykorzystywa\u0107 oraz trudno\u015bci, jakie warto pokonywa\u0107, \u017ceby m\u0105\u017c i \u017cona wiernie wype\u0142niali z\u0142o\u017con\u0105 przez siebie przysi\u0119g\u0119 mi\u0142o\u015bci ma\u0142\u017ce\u0144skiej i rodzicielskiej. Internauta znajdzie na tej stronie podstawowe informacje o g\u0142\u00f3wnych r\u00f3\u017cnicach \u2013 psychicznych, spo\u0142ecznych, duchowych i religijnych \u2013 mi\u0119dzy kobiet\u0105 a m\u0119\u017cczyzn\u0105. Je\u015bli ma\u0142\u017conkowie okazuj\u0105 sobie wzajemnie mi\u0142o\u015b\u0107 wiern\u0105, uczciw\u0105 i czu\u0142\u0105, to owe r\u00f3\u017cnice nie s\u0105 przeszkod\u0105 w byciu szcz\u0119\u015bliwymi razem. Przeciwnie, w kontek\u015bcie wzajemnej mi\u0142o\u015bci staj\u0105 si\u0119 one fundamentem wzajemnego wsparcia i si\u0142y ma\u0142\u017conk\u00f3w, kt\u00f3rzy w\u0142a\u015bnie dzi\u0119ki temu, \u017ce maj\u0105 r\u00f3\u017cne specyficzne zdolno\u015bci i mocne strony, pomagaj\u0105 sobie nawzajem w stawaniu si\u0119 najpi\u0119kniejsz\u0105 wersj\u0105 samych siebie.<\/em><\/p>\n<p><em>Autorzy strony www.umilowani.pl s\u0105 realistami i nie ukrywaj\u0105, \u017ce w naszych czasach sporo ma\u0142\u017conk\u00f3w prze\u017cywa kryzys. Przytaczaj\u0105 statystyki na ten temat, kt\u00f3re pokazuj\u0105 wsp\u00f3\u0142czesne zagro\u017cenia w odniesieniu do ma\u0142\u017ce\u0144stwa i rodziny. Daj\u0105 konkretne wskazania \u2013 duchowe, etyczne, egzystencjalne, intymne, a tak\u017ce dotycz\u0105ce dialogu ma\u0142\u017ce\u0144skiego \u2013 kt\u00f3re pomagaj\u0105 w rozwijaniu mi\u0142o\u015bci ma\u0142\u017ce\u0144skiej i rodzicielskiej. Wyja\u015bniaj\u0105 zasady wychodzenia z kryzysu, kt\u00f3ry w jakim\u015b stopniu dotyczy najbardziej nawet szcz\u0119\u015bliwych ma\u0142\u017ce\u0144stw, gdy\u017c nikt z ludzi nie jest przecie\u017c doskona\u0142y. Wskazuj\u0105 konkretne ksi\u0105\u017cki i linki internetowe, kt\u00f3re mog\u0105 pom\u00f3c w pokonywaniu do\u015bwiadczanych trudno\u015bci. Proponuj\u0105 te\u017c konkretne formy wsparcia w postaci warsztat\u00f3w dla ma\u0142\u017conk\u00f3w i rodzic\u00f3w, kt\u00f3rzy pragn\u0105 kocha\u0107 coraz mocniej i coraz dojrzalej. Gotowi s\u0105 te\u017c udziela\u0107 bezp\u0142atnej pomocy pod podanym adresem poradni.<\/em><\/p>\n<p>&nbsp;<\/p>\n<h3>Wdzi\u0119czno\u015b\u0107<\/h3>\n<p>&nbsp;<\/p>\n<p><em>Ciesz\u0119 si\u0119 z istnienia strony www.umilowani.pl. Strona ta dobrze wpisuje si\u0119 w trosk\u0119 Ko\u015bcio\u0142a katolickiego o los wsp\u00f3\u0142czesnych ma\u0142\u017conk\u00f3w i rodzic\u00f3w. Ma\u0142\u017ce\u0144stwo i rodzina to pierwsze polecenie, jakie B\u00f3g przekazuje Adamowi i Ewie oraz m\u0119\u017cczyznom i kobietom w kolejnych pokoleniach. B\u00f3g wie, \u017ce los ludzko\u015bci i poszczeg\u00f3lnych ludzi zale\u017cy najbardziej od tego, co dzieje si\u0119 mi\u0119dzy ma\u0142\u017conkami oraz mi\u0119dzy rodzicami a dzie\u0107mi. Ka\u017cda forma pokazywania istoty mi\u0142o\u015bci ma\u0142\u017ce\u0144skiej i rodzicielskiej, a tak\u017ce ka\u017cda forma wspierania ma\u0142\u017ce\u0144stwa i rodziny to b\u0142ogos\u0142awiona praca dla dobra poszczeg\u00f3lnych os\u00f3b oraz ca\u0142ych spo\u0142ecze\u0144stw. Kto rozumie przysi\u0119g\u0119 ma\u0142\u017ce\u0144sk\u0105, ten jest m\u0105dry, gdy\u017c rozumie Boga, cz\u0142owieka i mi\u0142o\u015b\u0107, a kto wiernie wype\u0142nia przysi\u0119g\u0119 ma\u0142\u017ce\u0144sk\u0105, ten jest \u015bwi\u0119ty. Strona www.umilowani.pl pomaga ma\u0142\u017conkom i rodzicom we wchodzeniu na drog\u0119 \u015bwi\u0119to\u015bci i w trwaniu na tej drodze. Raz jeszcze dzi\u0119kuj\u0119 za to jej autorom.&#8221;<\/em><\/p>\n<p>&nbsp;<\/p>\n<p style=\"text-align: right;\">ks. dr Marek Dziewiecki<\/p>\n<\/div>\n<\/div>\n<\/div>\n<\/div>\n<\/div>\n<p>[\/et_pb_blurb][\/et_pb_column][\/et_pb_row][\/et_pb_section]<\/p>\n","protected":false},"excerpt":{"rendered":"<p>[et_pb_section fb_built=&#8221;1&#8243; custom_padding_last_edited=&#8221;on|desktop&#8221; admin_label=&#8221;section&#8221; _builder_version=&#8221;4.9.3&#8243; background_color=&#8221;#FFFFFF&#8221; custom_padding_tablet=&#8221;50px|0|50px|0&#8243; custom_padding_phone=&#8221;&#8221; transparent_background=&#8221;on&#8221; padding_mobile=&#8221;off&#8221; make_fullwidth=&#8221;off&#8221; use_custom_width=&#8221;off&#8221; width_unit=&#8221;on&#8221; custom_width_px=&#8221;1080px&#8221; custom_width_percent=&#8221;80%&#8221;][et_pb_row padding_mobile=&#8221;off&#8221; column_padding_mobile=&#8221;on&#8221; admin_label=&#8221;row&#8221; _builder_version=&#8221;4.9.3&#8243; background_size=&#8221;initial&#8221; background_position=&#8221;top_left&#8221; background_repeat=&#8221;repeat&#8221; width=&#8221;100%&#8221; max_width=&#8221;100%&#8221; make_fullwidth=&#8221;off&#8221; use_custom_width=&#8221;on&#8221; width_unit=&#8221;off&#8221; custom_width_percent=&#8221;90%&#8221;][et_pb_column type=&#8221;4_4&#8243; _builder_version=&#8221;4.9.3&#8243; background_color=&#8221;rgba(0,0,0,0)&#8221; custom_padding=&#8221;|||&#8221; custom_padding__hover=&#8221;|||&#8221;][et_pb_blurb title=&#8221;RECENZJA&#8221; image=&#8221;https:\/\/umilowani.pl\/wp-content\/uploads\/2024\/12\/Recenzja2.jpg&#8221; alt=&#8221;Zamys\u0142&#8221; image_max_width=&#8221;75%&#8221; content_max_width=&#8221;90%&#8221; admin_label=&#8221;Blurb&#8221; _builder_version=&#8221;4.9.3&#8243; header_font_size=&#8221;16&#8243; header_line_height=&#8221;1.6em&#8221; body_font_size=&#8221;16px&#8221; background_size=&#8221;initial&#8221; background_position=&#8221;top_left&#8221; background_repeat=&#8221;repeat&#8221; text_orientation=&#8221;center&#8221; animation=&#8221;off&#8221; hover_enabled=&#8221;0&#8243; border_color_all=&#8221;#000000&#8243; border_width_all_image=&#8221;1px&#8221; border_color_all_image=&#8221;#043518&#8243; use_border_color=&#8221;off&#8221; border_color=&#8221;#ffffff&#8221; border_style=&#8221;solid&#8221; [&hellip;]<\/p>\n","protected":false},"author":1,"featured_media":0,"parent":0,"menu_order":0,"comment_status":"closed","ping_status":"closed","template":"","meta":{"_et_pb_use_builder":"on","_et_pb_old_content":"","_et_gb_content_width":"","footnotes":""},"class_list":["post-3493","page","type-page","status-publish","hentry"],"yoast_head":"<!-- This site is optimized with the Yoast SEO plugin v27.4 - https:\/\/yoast.com\/product\/yoast-seo-wordpress\/ -->\n<title>Recenzja - UMILOWANI.PL<\/title>\n<meta name=\"description\" content=\"Tu znajduje si\u0119 recenzja naszej strony www.umilowani.pl, kt\u00f3r\u0105 napisa\u0142 ks. dr M. Dziewiecki, autor wielu ksi\u0105\u017cek i artyku\u0142\u00f3w na temat mi\u0142o\u015bci\" \/>\n<meta name=\"robots\" content=\"index, follow, max-snippet:-1, max-image-preview:large, max-video-preview:-1\" \/>\n<link rel=\"canonical\" href=\"https:\/\/umilowani.pl\/index.php\/recenzja\/\" \/>\n<meta property=\"og:locale\" content=\"pl_PL\" \/>\n<meta property=\"og:type\" content=\"article\" \/>\n<meta property=\"og:title\" content=\"Recenzja - UMILOWANI.PL\" \/>\n<meta property=\"og:description\" content=\"Tu znajduje si\u0119 recenzja naszej strony www.umilowani.pl, kt\u00f3r\u0105 napisa\u0142 ks. dr M. Dziewiecki, autor wielu ksi\u0105\u017cek i artyku\u0142\u00f3w na temat mi\u0142o\u015bci\" \/>\n<meta property=\"og:url\" content=\"https:\/\/umilowani.pl\/index.php\/recenzja\/\" \/>\n<meta property=\"og:site_name\" content=\"UMILOWANI.PL\" \/>\n<meta property=\"article:modified_time\" content=\"2024-12-02T08:44:37+00:00\" \/>\n<meta name=\"twitter:card\" content=\"summary_large_image\" \/>\n<meta name=\"twitter:label1\" content=\"Szacowany czas czytania\" \/>\n\t<meta name=\"twitter:data1\" content=\"4 minuty\" \/>\n<script type=\"application\/ld+json\" class=\"yoast-schema-graph\">{\"@context\":\"https:\\\/\\\/schema.org\",\"@graph\":[{\"@type\":\"WebPage\",\"@id\":\"https:\\\/\\\/umilowani.pl\\\/index.php\\\/recenzja\\\/\",\"url\":\"https:\\\/\\\/umilowani.pl\\\/index.php\\\/recenzja\\\/\",\"name\":\"Recenzja - UMILOWANI.PL\",\"isPartOf\":{\"@id\":\"https:\\\/\\\/umilowani.pl\\\/#website\"},\"datePublished\":\"2018-09-11T08:26:33+00:00\",\"dateModified\":\"2024-12-02T08:44:37+00:00\",\"description\":\"Tu znajduje si\u0119 recenzja naszej strony www.umilowani.pl, kt\u00f3r\u0105 napisa\u0142 ks. dr M. Dziewiecki, autor wielu ksi\u0105\u017cek i artyku\u0142\u00f3w na temat mi\u0142o\u015bci\",\"breadcrumb\":{\"@id\":\"https:\\\/\\\/umilowani.pl\\\/index.php\\\/recenzja\\\/#breadcrumb\"},\"inLanguage\":\"pl-PL\",\"potentialAction\":[{\"@type\":\"ReadAction\",\"target\":[\"https:\\\/\\\/umilowani.pl\\\/index.php\\\/recenzja\\\/\"]}]},{\"@type\":\"BreadcrumbList\",\"@id\":\"https:\\\/\\\/umilowani.pl\\\/index.php\\\/recenzja\\\/#breadcrumb\",\"itemListElement\":[{\"@type\":\"ListItem\",\"position\":1,\"name\":\"Strona g\u0142\u00f3wna\",\"item\":\"https:\\\/\\\/umilowani.pl\\\/\"},{\"@type\":\"ListItem\",\"position\":2,\"name\":\"Recenzja\"}]},{\"@type\":\"WebSite\",\"@id\":\"https:\\\/\\\/umilowani.pl\\\/#website\",\"url\":\"https:\\\/\\\/umilowani.pl\\\/\",\"name\":\"UMILOWANI.PL\",\"description\":\"Ma\u0142\u017ce\u0144stwo, mi\u0142o\u015b\u0107\",\"publisher\":{\"@id\":\"https:\\\/\\\/umilowani.pl\\\/#\\\/schema\\\/person\\\/600a3e0031b2b450828be24ac2027c8a\"},\"potentialAction\":[{\"@type\":\"SearchAction\",\"target\":{\"@type\":\"EntryPoint\",\"urlTemplate\":\"https:\\\/\\\/umilowani.pl\\\/?s={search_term_string}\"},\"query-input\":{\"@type\":\"PropertyValueSpecification\",\"valueRequired\":true,\"valueName\":\"search_term_string\"}}],\"inLanguage\":\"pl-PL\"},{\"@type\":[\"Person\",\"Organization\"],\"@id\":\"https:\\\/\\\/umilowani.pl\\\/#\\\/schema\\\/person\\\/600a3e0031b2b450828be24ac2027c8a\",\"name\":\"UMILOWANI.PL\",\"image\":{\"@type\":\"ImageObject\",\"inLanguage\":\"pl-PL\",\"@id\":\"https:\\\/\\\/umilowani.pl\\\/wp-content\\\/uploads\\\/2022\\\/07\\\/cropped-6.png\",\"url\":\"https:\\\/\\\/umilowani.pl\\\/wp-content\\\/uploads\\\/2022\\\/07\\\/cropped-6.png\",\"contentUrl\":\"https:\\\/\\\/umilowani.pl\\\/wp-content\\\/uploads\\\/2022\\\/07\\\/cropped-6.png\",\"width\":512,\"height\":512,\"caption\":\"UMILOWANI.PL\"},\"logo\":{\"@id\":\"https:\\\/\\\/umilowani.pl\\\/wp-content\\\/uploads\\\/2022\\\/07\\\/cropped-6.png\"}}]}<\/script>\n<!-- \/ Yoast SEO plugin. -->","yoast_head_json":{"title":"Recenzja - UMILOWANI.PL","description":"Tu znajduje si\u0119 recenzja naszej strony www.umilowani.pl, kt\u00f3r\u0105 napisa\u0142 ks. dr M. Dziewiecki, autor wielu ksi\u0105\u017cek i artyku\u0142\u00f3w na temat mi\u0142o\u015bci","robots":{"index":"index","follow":"follow","max-snippet":"max-snippet:-1","max-image-preview":"max-image-preview:large","max-video-preview":"max-video-preview:-1"},"canonical":"https:\/\/umilowani.pl\/index.php\/recenzja\/","og_locale":"pl_PL","og_type":"article","og_title":"Recenzja - UMILOWANI.PL","og_description":"Tu znajduje si\u0119 recenzja naszej strony www.umilowani.pl, kt\u00f3r\u0105 napisa\u0142 ks. dr M. Dziewiecki, autor wielu ksi\u0105\u017cek i artyku\u0142\u00f3w na temat mi\u0142o\u015bci","og_url":"https:\/\/umilowani.pl\/index.php\/recenzja\/","og_site_name":"UMILOWANI.PL","article_modified_time":"2024-12-02T08:44:37+00:00","twitter_card":"summary_large_image","twitter_misc":{"Szacowany czas czytania":"4 minuty"},"schema":{"@context":"https:\/\/schema.org","@graph":[{"@type":"WebPage","@id":"https:\/\/umilowani.pl\/index.php\/recenzja\/","url":"https:\/\/umilowani.pl\/index.php\/recenzja\/","name":"Recenzja - UMILOWANI.PL","isPartOf":{"@id":"https:\/\/umilowani.pl\/#website"},"datePublished":"2018-09-11T08:26:33+00:00","dateModified":"2024-12-02T08:44:37+00:00","description":"Tu znajduje si\u0119 recenzja naszej strony www.umilowani.pl, kt\u00f3r\u0105 napisa\u0142 ks. dr M. Dziewiecki, autor wielu ksi\u0105\u017cek i artyku\u0142\u00f3w na temat mi\u0142o\u015bci","breadcrumb":{"@id":"https:\/\/umilowani.pl\/index.php\/recenzja\/#breadcrumb"},"inLanguage":"pl-PL","potentialAction":[{"@type":"ReadAction","target":["https:\/\/umilowani.pl\/index.php\/recenzja\/"]}]},{"@type":"BreadcrumbList","@id":"https:\/\/umilowani.pl\/index.php\/recenzja\/#breadcrumb","itemListElement":[{"@type":"ListItem","position":1,"name":"Strona g\u0142\u00f3wna","item":"https:\/\/umilowani.pl\/"},{"@type":"ListItem","position":2,"name":"Recenzja"}]},{"@type":"WebSite","@id":"https:\/\/umilowani.pl\/#website","url":"https:\/\/umilowani.pl\/","name":"UMILOWANI.PL","description":"Ma\u0142\u017ce\u0144stwo, mi\u0142o\u015b\u0107","publisher":{"@id":"https:\/\/umilowani.pl\/#\/schema\/person\/600a3e0031b2b450828be24ac2027c8a"},"potentialAction":[{"@type":"SearchAction","target":{"@type":"EntryPoint","urlTemplate":"https:\/\/umilowani.pl\/?s={search_term_string}"},"query-input":{"@type":"PropertyValueSpecification","valueRequired":true,"valueName":"search_term_string"}}],"inLanguage":"pl-PL"},{"@type":["Person","Organization"],"@id":"https:\/\/umilowani.pl\/#\/schema\/person\/600a3e0031b2b450828be24ac2027c8a","name":"UMILOWANI.PL","image":{"@type":"ImageObject","inLanguage":"pl-PL","@id":"https:\/\/umilowani.pl\/wp-content\/uploads\/2022\/07\/cropped-6.png","url":"https:\/\/umilowani.pl\/wp-content\/uploads\/2022\/07\/cropped-6.png","contentUrl":"https:\/\/umilowani.pl\/wp-content\/uploads\/2022\/07\/cropped-6.png","width":512,"height":512,"caption":"UMILOWANI.PL"},"logo":{"@id":"https:\/\/umilowani.pl\/wp-content\/uploads\/2022\/07\/cropped-6.png"}}]}},"_links":{"self":[{"href":"https:\/\/umilowani.pl\/index.php\/wp-json\/wp\/v2\/pages\/3493","targetHints":{"allow":["GET"]}}],"collection":[{"href":"https:\/\/umilowani.pl\/index.php\/wp-json\/wp\/v2\/pages"}],"about":[{"href":"https:\/\/umilowani.pl\/index.php\/wp-json\/wp\/v2\/types\/page"}],"author":[{"embeddable":true,"href":"https:\/\/umilowani.pl\/index.php\/wp-json\/wp\/v2\/users\/1"}],"replies":[{"embeddable":true,"href":"https:\/\/umilowani.pl\/index.php\/wp-json\/wp\/v2\/comments?post=3493"}],"version-history":[{"count":3,"href":"https:\/\/umilowani.pl\/index.php\/wp-json\/wp\/v2\/pages\/3493\/revisions"}],"predecessor-version":[{"id":18400,"href":"https:\/\/umilowani.pl\/index.php\/wp-json\/wp\/v2\/pages\/3493\/revisions\/18400"}],"wp:attachment":[{"href":"https:\/\/umilowani.pl\/index.php\/wp-json\/wp\/v2\/media?parent=3493"}],"curies":[{"name":"wp","href":"https:\/\/api.w.org\/{rel}","templated":true}]}}